{"id":1010,"date":"2019-03-26T15:14:57","date_gmt":"2019-03-26T15:14:57","guid":{"rendered":"http:\/\/www.aemc.pt\/portal\/?page_id=1010"},"modified":"2023-06-20T15:28:54","modified_gmt":"2023-06-20T14:28:54","slug":"servicos-de-psicologia-e-orientacao","status":"publish","type":"page","link":"http:\/\/www.aemc.pt\/portal\/index.php\/servicos-de-psicologia-e-orientacao\/","title":{"rendered":"Servi\u00e7os de Psicologia e Orienta\u00e7\u00e3o"},"content":{"rendered":"<blockquote>\n<p>O Servi\u00e7o de Psicologia e Orienta\u00e7\u00e3o (SPO) \u00e9 um servi\u00e7o especializado no acompanhamento de alunos ao longo do seu percurso escolar, procurando encontrar solu\u00e7\u00f5es individuais e coletivas que respondam a dificuldades de aprendizagem, emocionais, comportamentais ou outras que possam interferir no processo de aprendizagem; bem como contribuir para escolhas mais informadas, ao n\u00edvel do percurso escolar, de forma a construir planos de vida cujos objetivos sejam adequados aos interesses e voca\u00e7\u00f5es de cada aluno; e potenciar as condi\u00e7\u00f5es para a aprendizagem, o desenvolvimento pessoal e o bem-estar individual dos alunos, assim como na comunidade escolar em geral e na rela\u00e7\u00e3o entre escola e fam\u00edlia.<\/p>\n<\/blockquote>\n<p><span style=\"color: #800080;\"><strong>O SPO est\u00e1 ao dispor de toda a comunidade escolar, podendo a ele acorrer:<\/strong><\/span><\/p>\n<p>&#8211; alunos;<br>&#8211; pais e encarregados de educa\u00e7\u00e3o;<br>&#8211; docentes;<br>&#8211; pessoal n\u00e3o docente.<\/p>\n<p>O SPO tem gabinete na Sala 20 do Polo 3 (Escola-Sede), levando os respetivos servi\u00e7os \u00e0s restantes escolas que fazem parte do Agrupamento de Escolas de Macedo de Cavaleiros.<\/p>\n<p><span style=\"color: #800080;\"><strong>O Servi\u00e7o de Psicologia e Orienta\u00e7\u00e3o tem como meta contribuir para a redu\u00e7\u00e3o do insucesso escolar. Para tal, entre outras poss\u00edveis actividades, o SPO proporciona:<\/strong><\/span><\/p>\n<p>&#8211; Orienta\u00e7\u00e3o Vocacional e Profissional;<br>&#8211; Acompanhamento Psicol\u00f3gico;<br>&#8211; Terapia Psicopedag\u00f3gica;<br>&#8211; Avalia\u00e7\u00e3o Psicol\u00f3gica;<br>&#8211; Sess\u00f5es de Forma\u00e7\u00e3o e Sensibiliza\u00e7\u00e3o dirigidas a alunos, pais, professores e pessoal n\u00e3o docente;<br>&#8211; Interven\u00e7\u00e3o psicol\u00f3gica em situa\u00e7\u00f5es de crise e resolu\u00e7\u00e3o de conflitos.<\/p>\n<p><span style=\"color: #800080;\"><strong>Contactos:<\/strong><\/span><br><em><span style=\"color: #3366ff;\">Hugo Miguel Alves Carabineiro<\/span><\/em><br>Psic\u00f3logo<\/p>\n<p>Tel. 278 420 160<\/p>\n<p>e-mail:&nbsp;<a href=\"mailto:hugo.carabineiro@aemc.pt\">hugo.carabineiro@aemc.pt<\/a><\/p>\n\n\n<br><br><br><br><br><br>\n\n\n\n<figure class=\"wp-block-image size-large\"><img loading=\"lazy\" decoding=\"async\" width=\"724\" height=\"1024\" src=\"http:\/\/www.aemc.pt\/portal\/wp-content\/uploads\/2023\/06\/Modelo-1-A3-al-PO-CH-724x1024.jpg\" alt=\"\" class=\"wp-image-5769\" srcset=\"http:\/\/www.aemc.pt\/portal\/wp-content\/uploads\/2023\/06\/Modelo-1-A3-al-PO-CH-724x1024.jpg 724w, http:\/\/www.aemc.pt\/portal\/wp-content\/uploads\/2023\/06\/Modelo-1-A3-al-PO-CH-212x300.jpg 212w, http:\/\/www.aemc.pt\/portal\/wp-content\/uploads\/2023\/06\/Modelo-1-A3-al-PO-CH-768x1086.jpg 768w, http:\/\/www.aemc.pt\/portal\/wp-content\/uploads\/2023\/06\/Modelo-1-A3-al-PO-CH-1086x1536.jpg 1086w, http:\/\/www.aemc.pt\/portal\/wp-content\/uploads\/2023\/06\/Modelo-1-A3-al-PO-CH-1448x2048.jpg 1448w, http:\/\/www.aemc.pt\/portal\/wp-content\/uploads\/2023\/06\/Modelo-1-A3-al-PO-CH-scaled.jpg 1810w\" sizes=\"auto, (max-width: 724px) 100vw, 724px\" \/><\/figure>\n\n\n\n<br><br>\n\n\n\n<figure class=\"wp-block-image size-large\"><img loading=\"lazy\" decoding=\"async\" width=\"1024\" height=\"208\" src=\"http:\/\/www.aemc.pt\/portal\/wp-content\/uploads\/2023\/06\/POCH-1024x208.png\" alt=\"\" class=\"wp-image-5767\" srcset=\"http:\/\/www.aemc.pt\/portal\/wp-content\/uploads\/2023\/06\/POCH-1024x208.png 1024w, http:\/\/www.aemc.pt\/portal\/wp-content\/uploads\/2023\/06\/POCH-300x61.png 300w, http:\/\/www.aemc.pt\/portal\/wp-content\/uploads\/2023\/06\/POCH-768x156.png 768w, http:\/\/www.aemc.pt\/portal\/wp-content\/uploads\/2023\/06\/POCH.png 1472w\" sizes=\"auto, (max-width: 1024px) 100vw, 1024px\" \/><\/figure>\n\n\n\n<br><br><br><br><br><br>\n","protected":false},"excerpt":{"rendered":"<p>O Servi\u00e7o de Psicologia e Orienta\u00e7\u00e3o (SPO) \u00e9 um servi\u00e7o especializado no acompanhamento de alunos ao longo do seu percurso<\/p>\n","protected":false},"author":1,"featured_media":1012,"parent":0,"menu_order":0,"comment_status":"closed","ping_status":"closed","template":"","meta":{"colormag_page_container_layout":"no_sidebar_content_centered","colormag_page_sidebar_layout":"no_sidebar","ngg_post_thumbnail":0,"iawp_total_views":71,"footnotes":"","_links_to":"","_links_to_target":""},"class_list":["post-1010","page","type-page","status-publish","has-post-thumbnail","hentry"],"_links":{"self":[{"href":"http:\/\/www.aemc.pt\/portal\/index.php\/wp-json\/wp\/v2\/pages\/1010","targetHints":{"allow":["GET"]}}],"collection":[{"href":"http:\/\/www.aemc.pt\/portal\/index.php\/wp-json\/wp\/v2\/pages"}],"about":[{"href":"http:\/\/www.aemc.pt\/portal\/index.php\/wp-json\/wp\/v2\/types\/page"}],"author":[{"embeddable":true,"href":"http:\/\/www.aemc.pt\/portal\/index.php\/wp-json\/wp\/v2\/users\/1"}],"replies":[{"embeddable":true,"href":"http:\/\/www.aemc.pt\/portal\/index.php\/wp-json\/wp\/v2\/comments?post=1010"}],"version-history":[{"count":4,"href":"http:\/\/www.aemc.pt\/portal\/index.php\/wp-json\/wp\/v2\/pages\/1010\/revisions"}],"predecessor-version":[{"id":5770,"href":"http:\/\/www.aemc.pt\/portal\/index.php\/wp-json\/wp\/v2\/pages\/1010\/revisions\/5770"}],"wp:featuredmedia":[{"embeddable":true,"href":"http:\/\/www.aemc.pt\/portal\/index.php\/wp-json\/wp\/v2\/media\/1012"}],"wp:attachment":[{"href":"http:\/\/www.aemc.pt\/portal\/index.php\/wp-json\/wp\/v2\/media?parent=1010"}],"curies":[{"name":"wp","href":"https:\/\/api.w.org\/{rel}","templated":true}]}}

Serviços de Psicologia e Orientação

<blockquote>
<p>O Serviço de Psicologia e Orientação (SPO) é um serviço especializado no acompanhamento de alunos ao longo do seu percurso escolar, procurando encontrar soluções individuais e coletivas que respondam a dificuldades de aprendizagem, emocionais, comportamentais ou outras que possam interferir no processo de aprendizagem; bem como contribuir para escolhas mais informadas, ao nível do percurso escolar, de forma a construir planos de vida cujos objetivos sejam adequados aos interesses e vocações de cada aluno; e potenciar as condições para a aprendizagem, o desenvolvimento pessoal e o bem-estar individual dos alunos, assim como na comunidade escolar em geral e na relação entre escola e família.</p>
</blockquote>
<p><span style="color: #800080;"><strong>O SPO está ao dispor de toda a comunidade escolar, podendo a ele acorrer:</strong></span></p>
<p>&#8211; alunos;<br>&#8211; pais e encarregados de educação;<br>&#8211; docentes;<br>&#8211; pessoal não docente.</p>
<p>O SPO tem gabinete na Sala 20 do Polo 3 (Escola-Sede), levando os respetivos serviços às restantes escolas que fazem parte do Agrupamento de Escolas de Macedo de Cavaleiros.</p>
<p><span style="color: #800080;"><strong>O Serviço de Psicologia e Orientação tem como meta contribuir para a redução do insucesso escolar. Para tal, entre outras possíveis actividades, o SPO proporciona:</strong></span></p>
<p>&#8211; Orientação Vocacional e Profissional;<br>&#8211; Acompanhamento Psicológico;<br>&#8211; Terapia Psicopedagógica;<br>&#8211; Avaliação Psicológica;<br>&#8211; Sessões de Formação e Sensibilização dirigidas a alunos, pais, professores e pessoal não docente;<br>&#8211; Intervenção psicológica em situações de crise e resolução de conflitos.</p>
<p><span style="color: #800080;"><strong>Contactos:</strong></span><br><em><span style="color: #3366ff;">Hugo Miguel Alves Carabineiro</span></em><br>Psicólogo</p>
<p>Tel. 278 420 160</p>
<p>e-mail:&nbsp;<a href="mailto:hugo.carabineiro@aemc.pt">hugo.carabineiro@aemc.pt</a></p>


<br><br><br><br><br><br>



<figure class="wp-block-image size-large"><img loading="lazy" decoding="async" width="724" height="1024" src="http://www.aemc.pt/portal/wp-content/uploads/2023/06/Modelo-1-A3-al-PO-CH-724x1024.jpg" alt="" class="wp-image-5769" srcset="http://www.aemc.pt/portal/wp-content/uploads/2023/06/Modelo-1-A3-al-PO-CH-724x1024.jpg 724w, http://www.aemc.pt/portal/wp-content/uploads/2023/06/Modelo-1-A3-al-PO-CH-212x300.jpg 212w, http://www.aemc.pt/portal/wp-content/uploads/2023/06/Modelo-1-A3-al-PO-CH-768x1086.jpg 768w, http://www.aemc.pt/portal/wp-content/uploads/2023/06/Modelo-1-A3-al-PO-CH-1086x1536.jpg 1086w, http://www.aemc.pt/portal/wp-content/uploads/2023/06/Modelo-1-A3-al-PO-CH-1448x2048.jpg 1448w, http://www.aemc.pt/portal/wp-content/uploads/2023/06/Modelo-1-A3-al-PO-CH-scaled.jpg 1810w" sizes="auto, (max-width: 724px) 100vw, 724px" /></figure>



<br><br>



<figure class="wp-block-image size-large"><img loading="lazy" decoding="async" width="1024" height="208" src="http://www.aemc.pt/portal/wp-content/uploads/2023/06/POCH-1024x208.png" alt="" class="wp-image-5767" srcset="http://www.aemc.pt/portal/wp-content/uploads/2023/06/POCH-1024x208.png 1024w, http://www.aemc.pt/portal/wp-content/uploads/2023/06/POCH-300x61.png 300w, http://www.aemc.pt/portal/wp-content/uploads/2023/06/POCH-768x156.png 768w, http://www.aemc.pt/portal/wp-content/uploads/2023/06/POCH.png 1472w" sizes="auto, (max-width: 1024px) 100vw, 1024px" /></figure>



<br><br><br><br><br><br>

<p>O Serviço de Psicologia e Orientação (SPO) é um serviço especializado no acompanhamento de alunos ao longo do seu percurso</p>
