{"id":1033,"date":"2019-03-26T16:45:40","date_gmt":"2019-03-26T16:45:40","guid":{"rendered":"http:\/\/www.aemc.pt\/portal\/?page_id=1033"},"modified":"2024-03-13T21:39:04","modified_gmt":"2024-03-13T20:39:04","slug":"plano-integrado-e-inovador-de-combate-ao-insucesso-escolar","status":"publish","type":"page","link":"http:\/\/www.aemc.pt\/portal\/index.php\/plano-integrado-e-inovador-de-combate-ao-insucesso-escolar\/","title":{"rendered":"Plano Integrado e Inovador de Combate ao Insucesso Escolar"},"content":{"rendered":"<blockquote>\n<p>O Plano Integrado e Inovador de Combate ao Insucesso Escolar \u00e9 uma medida contratualizada no \u00e2mbito do Pacto para o Desenvolvimento e Coes\u00e3o Territorial das Terras de Tr\u00e1s-os-Montes que prev\u00ea a implementa\u00e7\u00e3o de medidas que permitam melhorar os indicadores relativos ao insucesso e abandono escolar.<\/p>\n<\/blockquote>\n<p>O Plano assenta em tr\u00eas pilares: <strong>fam\u00edlia<\/strong>, <strong>escolas\/professores<\/strong> e <strong>comunidades<\/strong>.<\/p>\n<p>O PIICIE-TTM assenta no trabalho colaborativo e em rede entre a CIM-Terras de Tr\u00e1s-os-Montes, Munic\u00edpios, Agrupamentos Escolares e outros parceiros institucionais. Pretende-se com a implementa\u00e7\u00e3o do PIICIE refor\u00e7ar esta rede colaborativa na convic\u00e7\u00e3o de que s\u00f3 com a coopera\u00e7\u00e3o e o empenho de todos \u00e9 que o sucesso escolar registar\u00e1 valores positivos impulsionadores do desenvolvimento econ\u00f3mico e social da regi\u00e3o.<\/p>\n<p>O PIICIE expressa uma vontade estrat\u00e9gica da regi\u00e3o em refor\u00e7ar a atua\u00e7\u00e3o junto da comunidade educativa de forma a alterar a realidade que caracteriza as terras de Tr\u00e1s-os-Montes ao n\u00edvel do insucesso e do abandono escolar no territ\u00f3rio. O objetivo \u00e9 atingir valores abaixo dos 6% na taxa de reten\u00e7\u00e3o e desist\u00eancia no ensino b\u00e1sico e alcan\u00e7ar os 15,2% no ensino Secund\u00e1rio. Este plano tem como meta m\u00ednima atingir cerca de 3 mil alunos, num universo de 11 mil que frequentam as escolas p\u00fablicas da regi\u00e3o.<\/p>\n<p>&nbsp;<\/p>\n<p><i class=\"far fa-file-pdf\"><\/i><a href=\"http:\/\/www.aemc.pt\/portal\/wp-content\/uploads\/2019\/03\/piicie_terras_de_tras_os_montes.pdf\" target=\"_blank\" rel=\"noopener noreferrer\" data-wplink-edit=\"true\">&nbsp;A\u00e7\u00f5es a Implementar no \u00e2mbito do PIICIE das Terras de Tr\u00e1s-os-Montes<\/a><\/p>\n\n\n<br><br><br>\n\n\n\n<figure class=\"wp-block-image size-large\"><img loading=\"lazy\" decoding=\"async\" width=\"1024\" height=\"132\" src=\"http:\/\/www.aemc.pt\/portal\/wp-content\/uploads\/2024\/03\/barra_fse-1024x132.jpg\" alt=\"\" class=\"wp-image-6524\" srcset=\"http:\/\/www.aemc.pt\/portal\/wp-content\/uploads\/2024\/03\/barra_fse-1024x132.jpg 1024w, http:\/\/www.aemc.pt\/portal\/wp-content\/uploads\/2024\/03\/barra_fse-300x39.jpg 300w, http:\/\/www.aemc.pt\/portal\/wp-content\/uploads\/2024\/03\/barra_fse-768x99.jpg 768w, http:\/\/www.aemc.pt\/portal\/wp-content\/uploads\/2024\/03\/barra_fse-1536x198.jpg 1536w, http:\/\/www.aemc.pt\/portal\/wp-content\/uploads\/2024\/03\/barra_fse-2048x264.jpg 2048w\" sizes=\"auto, (max-width: 1024px) 100vw, 1024px\" \/><\/figure>\n\n\n\n<br><br><br><br><br><br>\n","protected":false},"excerpt":{"rendered":"<p>O Plano Integrado e Inovador de Combate ao Insucesso Escolar \u00e9 uma medida contratualizada no \u00e2mbito do Pacto para o<\/p>\n","protected":false},"author":1,"featured_media":1037,"parent":0,"menu_order":0,"comment_status":"closed","ping_status":"closed","template":"","meta":{"colormag_page_container_layout":"no_sidebar_content_centered","colormag_page_sidebar_layout":"no_sidebar","ngg_post_thumbnail":0,"iawp_total_views":44,"footnotes":"","_links_to":"","_links_to_target":""},"class_list":["post-1033","page","type-page","status-publish","has-post-thumbnail","hentry"],"_links":{"self":[{"href":"http:\/\/www.aemc.pt\/portal\/index.php\/wp-json\/wp\/v2\/pages\/1033","targetHints":{"allow":["GET"]}}],"collection":[{"href":"http:\/\/www.aemc.pt\/portal\/index.php\/wp-json\/wp\/v2\/pages"}],"about":[{"href":"http:\/\/www.aemc.pt\/portal\/index.php\/wp-json\/wp\/v2\/types\/page"}],"author":[{"embeddable":true,"href":"http:\/\/www.aemc.pt\/portal\/index.php\/wp-json\/wp\/v2\/users\/1"}],"replies":[{"embeddable":true,"href":"http:\/\/www.aemc.pt\/portal\/index.php\/wp-json\/wp\/v2\/comments?post=1033"}],"version-history":[{"count":5,"href":"http:\/\/www.aemc.pt\/portal\/index.php\/wp-json\/wp\/v2\/pages\/1033\/revisions"}],"predecessor-version":[{"id":6527,"href":"http:\/\/www.aemc.pt\/portal\/index.php\/wp-json\/wp\/v2\/pages\/1033\/revisions\/6527"}],"wp:featuredmedia":[{"embeddable":true,"href":"http:\/\/www.aemc.pt\/portal\/index.php\/wp-json\/wp\/v2\/media\/1037"}],"wp:attachment":[{"href":"http:\/\/www.aemc.pt\/portal\/index.php\/wp-json\/wp\/v2\/media?parent=1033"}],"curies":[{"name":"wp","href":"https:\/\/api.w.org\/{rel}","templated":true}]}}

<blockquote>
<p>O Plano Integrado e Inovador de Combate ao Insucesso Escolar é uma medida contratualizada no âmbito do Pacto para o Desenvolvimento e Coesão Territorial das Terras de Trás-os-Montes que prevê a implementação de medidas que permitam melhorar os indicadores relativos ao insucesso e abandono escolar.</p>
</blockquote>
<p>O Plano assenta em três pilares: <strong>família</strong>, <strong>escolas/professores</strong> e <strong>comunidades</strong>.</p>
<p>O PIICIE-TTM assenta no trabalho colaborativo e em rede entre a CIM-Terras de Trás-os-Montes, Municípios, Agrupamentos Escolares e outros parceiros institucionais. Pretende-se com a implementação do PIICIE reforçar esta rede colaborativa na convicção de que só com a cooperação e o empenho de todos é que o sucesso escolar registará valores positivos impulsionadores do desenvolvimento económico e social da região.</p>
<p>O PIICIE expressa uma vontade estratégica da região em reforçar a atuação junto da comunidade educativa de forma a alterar a realidade que caracteriza as terras de Trás-os-Montes ao nível do insucesso e do abandono escolar no território. O objetivo é atingir valores abaixo dos 6% na taxa de retenção e desistência no ensino básico e alcançar os 15,2% no ensino Secundário. Este plano tem como meta mínima atingir cerca de 3 mil alunos, num universo de 11 mil que frequentam as escolas públicas da região.</p>
<p>&nbsp;</p>
<p><i class="far fa-file-pdf"></i><a href="http://www.aemc.pt/portal/wp-content/uploads/2019/03/piicie_terras_de_tras_os_montes.pdf" target="_blank" rel="noopener noreferrer" data-wplink-edit="true">&nbsp;Ações a Implementar no âmbito do PIICIE das Terras de Trás-os-Montes</a></p>


<br><br><br>



<figure class="wp-block-image size-large"><img loading="lazy" decoding="async" width="1024" height="132" src="http://www.aemc.pt/portal/wp-content/uploads/2024/03/barra_fse-1024x132.jpg" alt="" class="wp-image-6524" srcset="http://www.aemc.pt/portal/wp-content/uploads/2024/03/barra_fse-1024x132.jpg 1024w, http://www.aemc.pt/portal/wp-content/uploads/2024/03/barra_fse-300x39.jpg 300w, http://www.aemc.pt/portal/wp-content/uploads/2024/03/barra_fse-768x99.jpg 768w, http://www.aemc.pt/portal/wp-content/uploads/2024/03/barra_fse-1536x198.jpg 1536w, http://www.aemc.pt/portal/wp-content/uploads/2024/03/barra_fse-2048x264.jpg 2048w" sizes="auto, (max-width: 1024px) 100vw, 1024px" /></figure>



<br><br><br><br><br><br>

<p>O Plano Integrado e Inovador de Combate ao Insucesso Escolar é uma medida contratualizada no âmbito do Pacto para o</p>
