{"id":1128,"date":"2019-04-01T15:02:14","date_gmt":"2019-04-01T15:02:14","guid":{"rendered":"http:\/\/www.aemc.pt\/portal\/?page_id=1128"},"modified":"2021-03-24T17:15:55","modified_gmt":"2021-03-24T16:15:55","slug":"exames-e-provas-finais-2020","status":"publish","type":"page","link":"http:\/\/www.aemc.pt\/portal\/index.php\/exames-e-provas-finais-2020\/","title":{"rendered":"Exames e Provas Finais &#8211; 2020"},"content":{"rendered":"<blockquote>\n<p><strong>EXAMES FINAIS NACIONAIS E PROVAS DE EQUIVAL\u00caNCIA \u00c0 FREQU\u00caNCIA DO ENSINO SECUND\u00c1RIO<\/strong><\/p>\n<\/blockquote>\n<p>As provas finais do ensino b\u00e1sico e os exames finais nacionais do ensino secund\u00e1rio realizam-se, regra geral, nos estabelecimentos de ensino p\u00fablico \u2013 agrupamentos de escolas ou escolas n\u00e3o agrupadas \u2013 e nos estabelecimentos de ensino particular e cooperativo, uns e outros doravante designados por escolas.<\/p>\n<p style=\"text-align: right;\">&nbsp;<\/p>\n<p><span style=\"color: #800080;\"><strong>Liga\u00e7\u00f5es \u00fateis:<\/strong><\/span><\/p>\n<p style=\"text-align: right;\"><a href=\"http:\/\/www.aemc.pt\/portal\/index.php\/exames-e-provas-finais-2019\/\" rel=\"noopener\">Exames e Provas Finais &#8211; 2019<\/a><\/p>\n<p>&nbsp;<\/p>\n<p><a href=\"http:\/\/www.aemc.pt\/portal\/wp-content\/uploads\/2020\/03\/GuiaGeralExames2020.pdf\" target=\"_blank\" rel=\"noopener noreferrer\">Guia Geral de Exames 2020<\/a><\/p>\n<p><a href=\"http:\/\/www.aemc.pt\/portal\/wp-content\/uploads\/2020\/03\/0000200005_1.pdf\" target=\"_blank\" rel=\"noopener noreferrer\">Calend\u00e1rio das Provas e Exames &#8211; 2020<\/a><\/p>\n<p><a href=\"https:\/\/www.dge.mec.pt\/informacoes-1\" target=\"_blank\" rel=\"noopener noreferrer\">J\u00fari Nacional de Exames &#8211; Informa\u00e7\u00f5es (DGE)<\/a><\/p>\n<p><a href=\"http:\/\/www.aemc.pt\/portal\/wp-content\/uploads\/2020\/03\/Guia-de-aplica\u00e7ao-de-provas-2020.pdf\" target=\"_blank\" rel=\"noopener noreferrer\">Guia para Aplica\u00e7\u00e3o de Adapta\u00e7\u00f5es Provas e Exames \u2013 JNE 2020<\/a><\/p>\n<p><a href=\"http:\/\/www.aemc.pt\/portal\/wp-content\/uploads\/2020\/03\/norma_1-2020.pdf\" target=\"_blank\" rel=\"noopener noreferrer\">Instru\u00e7\u00f5es para Realiza\u00e7\u00e3o de Provas e Exames (Norma01) \u2013 JNE 2020<\/a><\/p>\n<p><a href=\"http:\/\/www.aemc.pt\/portal\/wp-content\/uploads\/2020\/03\/Regulamento-das-Provas-de-Avalia\u00e7\u00e3o-Externa-e-das-Provas-de-Equival\u00eancia-\u00e0-Frequ\u00eancia-2020.pdf\" target=\"_blank\" rel=\"noopener noreferrer\">Regulamento das Provas de Avalia\u00e7\u00e3o Externa e das Provas de Equival\u00eancia \u00e0 Frequ\u00eancia &#8211; 2020<\/a><\/p>\n<p><a href=\"http:\/\/www.aemc.pt\/portal\/wp-content\/uploads\/2020\/03\/Provas-e-exames-dos-ensinos-b\u00e1sico-e-secund\u00e1rio-\u2013-Plataforma-eletr\u00f3nica-das-adapta\u00e7\u00f5es.pdf\" target=\"_blank\" rel=\"noopener noreferrer\">Provas e exames dos ensinos b\u00e1sico e secund\u00e1rio \u2013 Plataforma eletr\u00f3nica das adapta\u00e7\u00f5es (COMUNICA\u00c7\u00c3O N.\u00ba 3\/JNE\/2020)<\/a><\/p>\n<p><a href=\"\/\/www.aemc.pt\/portal\/wp-content\/uploads\/2020\/04\/comunica\u00e7\u00e3o-5-JNE-2020-instru\u00e7\u00f5es-para-inscri\u00e7\u00e3o-nos-exames.pdf\" target=\"_blank\" rel=\"noopener noreferrer\">Orienta\u00e7\u00f5es para o processo de inscri\u00e7\u00e3o nas provas e exames do ensino secund\u00e1rio (COMUNICA\u00c7\u00c3O N.\u00ba 5\/JNE\/2020)<\/a><\/p>\n<p><a href=\"http:\/\/www.aemc.pt\/portal\/wp-content\/uploads\/2020\/03\/PROVAS-FINAIS-DO-ENSINO-B\u00c1SICO-PROVAS-DE-EQUIVAL\u00caNCIA-\u00c0-FREQU\u00caNCIA-E-PROVAS-A-N\u00cdVEL-DE-ESCOLA-DO-3.\u00ba-CICLO-DO-ENSINO-B\u00c1SICO.pdf\" target=\"_blank\" rel=\"noopener noreferrer\">PROVAS FINAIS DO ENSINO B\u00c1SICO, PROVAS DE EQUIVAL\u00caNCIA \u00c0 FREQU\u00caNCIA E PROVAS A N\u00cdVEL DE ESCOLA DO 3.\u00ba CICLO DO ENSINO B\u00c1SICO<\/a><\/p>\n<p><a href=\"http:\/\/www.aemc.pt\/portal\/wp-content\/uploads\/2020\/03\/TABELA-A-EXAMES-E-PROVAS-DE-EQUIVAL\u00caNCIA-\u00c0-FREQU\u00caNCIA-DO-ENSINO-SECUND\u00c1RIO-\u2013-2020.pdf\" target=\"_blank\" rel=\"noopener noreferrer\">EXAMES NACIONAIS, PROVAS DE EQUIVAL\u00caNCIA \u00c0 FREQU\u00caNCIA, PROVAS DE INGRESSO E CURSOS DO ENSINO SECUND\u00c1RIO<\/a><\/p>\n\n","protected":false},"excerpt":{"rendered":"<p>EXAMES FINAIS NACIONAIS E PROVAS DE EQUIVAL\u00caNCIA \u00c0 FREQU\u00caNCIA DO ENSINO SECUND\u00c1RIO As provas finais do ensino b\u00e1sico e os<\/p>\n","protected":false},"author":1,"featured_media":1129,"parent":0,"menu_order":0,"comment_status":"closed","ping_status":"closed","template":"","meta":{"colormag_page_container_layout":"no_sidebar_content_centered","colormag_page_sidebar_layout":"no_sidebar","ngg_post_thumbnail":0,"iawp_total_views":1,"footnotes":"","_links_to":"","_links_to_target":""},"class_list":["post-1128","page","type-page","status-publish","has-post-thumbnail","hentry"],"_links":{"self":[{"href":"http:\/\/www.aemc.pt\/portal\/index.php\/wp-json\/wp\/v2\/pages\/1128","targetHints":{"allow":["GET"]}}],"collection":[{"href":"http:\/\/www.aemc.pt\/portal\/index.php\/wp-json\/wp\/v2\/pages"}],"about":[{"href":"http:\/\/www.aemc.pt\/portal\/index.php\/wp-json\/wp\/v2\/types\/page"}],"author":[{"embeddable":true,"href":"http:\/\/www.aemc.pt\/portal\/index.php\/wp-json\/wp\/v2\/users\/1"}],"replies":[{"embeddable":true,"href":"http:\/\/www.aemc.pt\/portal\/index.php\/wp-json\/wp\/v2\/comments?post=1128"}],"version-history":[{"count":15,"href":"http:\/\/www.aemc.pt\/portal\/index.php\/wp-json\/wp\/v2\/pages\/1128\/revisions"}],"predecessor-version":[{"id":3462,"href":"http:\/\/www.aemc.pt\/portal\/index.php\/wp-json\/wp\/v2\/pages\/1128\/revisions\/3462"}],"wp:featuredmedia":[{"embeddable":true,"href":"http:\/\/www.aemc.pt\/portal\/index.php\/wp-json\/wp\/v2\/media\/1129"}],"wp:attachment":[{"href":"http:\/\/www.aemc.pt\/portal\/index.php\/wp-json\/wp\/v2\/media?parent=1128"}],"curies":[{"name":"wp","href":"https:\/\/api.w.org\/{rel}","templated":true}]}}