{"id":1133,"date":"2019-04-01T15:45:11","date_gmt":"2019-04-01T15:45:11","guid":{"rendered":"http:\/\/www.aemc.pt\/portal\/?page_id=1133"},"modified":"2024-05-16T20:39:45","modified_gmt":"2024-05-16T19:39:45","slug":"estatuto-do-aluno","status":"publish","type":"page","link":"http:\/\/www.aemc.pt\/portal\/index.php\/estatuto-do-aluno\/","title":{"rendered":"Estatuto do Aluno"},"content":{"rendered":"\n<blockquote class=\"wp-block-quote is-layout-flow wp-block-quote-is-layout-flow\">\n<p>O Estatuto do Aluno \u00e9 uma lei aprovada pela Assembleia da Rep\u00fablica que se aplica aos alunos dos ensinos b\u00e1sico e secund\u00e1rio, incluindo os que frequentam modalidades especiais.<\/p>\n<\/blockquote>\n\n\n\n<p>Esta lei tem como objetivo definir com clareza os direitos e os deveres dos alunos, a fim de criar condi\u00e7\u00f5es para garantir a seguran\u00e7a, a tranquilidade e a disciplina indispens\u00e1veis ao ensino, \u00e0 aprendizagem e ao bom clima de trabalho e de respeito na escola.<\/p>\n\n\n\n<p>As altera\u00e7\u00f5es ao Estatuto do Aluno dos Ensinos B\u00e1sico e Secund\u00e1rio, publicadas no Di\u00e1rio da Rep\u00fablica de 05 de setembro continuam a ser orientadas pelos seguintes princ\u00edpios:<\/p>\n\n\n\n<ul class=\"wp-block-list\">\n<li>Refor\u00e7o da autoridade dos professores e da autonomia das escolas;<\/li>\n\n\n\n<li>Maior responsabiliza\u00e7\u00e3o e envolvimento dos pais e encarregados de educa\u00e7\u00e3o no controlo da assiduidade dos seus educandos;<\/li>\n\n\n\n<li>Simplifica\u00e7\u00e3o e agiliza\u00e7\u00e3o de procedimentos;<\/li>\n\n\n\n<li>Distin\u00e7\u00e3o clara e precisa entre medidas corretivas, de cariz dissuasor, preventivo e pedag\u00f3gico, e medidas disciplinares sancionat\u00f3rias.<\/li>\n<\/ul>\n\n\n\n<p><i class=\"far fa-file-pdf\"><\/i><a href=\"http:\/\/www.aemc.pt\/portal\/wp-content\/uploads\/2019\/04\/estatuto_aluno.pdf\" target=\"_blank\" rel=\"noopener noreferrer\"> Consulte as altera\u00e7\u00f5es ao Estatuto do Aluno e a vers\u00e3o integral (Lei n\u00ba 51\/2012 de 05 de setembro)<\/a><\/p>\n\n\n\n<br><br><br><br><br><br>\n","protected":false},"excerpt":{"rendered":"<p>O Estatuto do Aluno \u00e9 uma lei aprovada pela Assembleia da Rep\u00fablica que se aplica aos alunos dos ensinos b\u00e1sico<\/p>\n","protected":false},"author":1,"featured_media":1135,"parent":0,"menu_order":0,"comment_status":"closed","ping_status":"closed","template":"","meta":{"colormag_page_container_layout":"no_sidebar_full_width","colormag_page_sidebar_layout":"no_sidebar","ngg_post_thumbnail":0,"iawp_total_views":177,"footnotes":"","_links_to":"","_links_to_target":""},"class_list":["post-1133","page","type-page","status-publish","has-post-thumbnail","hentry"],"_links":{"self":[{"href":"http:\/\/www.aemc.pt\/portal\/index.php\/wp-json\/wp\/v2\/pages\/1133","targetHints":{"allow":["GET"]}}],"collection":[{"href":"http:\/\/www.aemc.pt\/portal\/index.php\/wp-json\/wp\/v2\/pages"}],"about":[{"href":"http:\/\/www.aemc.pt\/portal\/index.php\/wp-json\/wp\/v2\/types\/page"}],"author":[{"embeddable":true,"href":"http:\/\/www.aemc.pt\/portal\/index.php\/wp-json\/wp\/v2\/users\/1"}],"replies":[{"embeddable":true,"href":"http:\/\/www.aemc.pt\/portal\/index.php\/wp-json\/wp\/v2\/comments?post=1133"}],"version-history":[{"count":3,"href":"http:\/\/www.aemc.pt\/portal\/index.php\/wp-json\/wp\/v2\/pages\/1133\/revisions"}],"predecessor-version":[{"id":6912,"href":"http:\/\/www.aemc.pt\/portal\/index.php\/wp-json\/wp\/v2\/pages\/1133\/revisions\/6912"}],"wp:featuredmedia":[{"embeddable":true,"href":"http:\/\/www.aemc.pt\/portal\/index.php\/wp-json\/wp\/v2\/media\/1135"}],"wp:attachment":[{"href":"http:\/\/www.aemc.pt\/portal\/index.php\/wp-json\/wp\/v2\/media?parent=1133"}],"curies":[{"name":"wp","href":"https:\/\/api.w.org\/{rel}","templated":true}]}}

<blockquote class="wp-block-quote is-layout-flow wp-block-quote-is-layout-flow">
<p>O Estatuto do Aluno é uma lei aprovada pela Assembleia da República que se aplica aos alunos dos ensinos básico e secundário, incluindo os que frequentam modalidades especiais.</p>
</blockquote>



<p>Esta lei tem como objetivo definir com clareza os direitos e os deveres dos alunos, a fim de criar condições para garantir a segurança, a tranquilidade e a disciplina indispensáveis ao ensino, à aprendizagem e ao bom clima de trabalho e de respeito na escola.</p>



<p>As alterações ao Estatuto do Aluno dos Ensinos Básico e Secundário, publicadas no Diário da República de 05 de setembro continuam a ser orientadas pelos seguintes princípios:</p>



<ul class="wp-block-list">
<li>Reforço da autoridade dos professores e da autonomia das escolas;</li>



<li>Maior responsabilização e envolvimento dos pais e encarregados de educação no controlo da assiduidade dos seus educandos;</li>



<li>Simplificação e agilização de procedimentos;</li>



<li>Distinção clara e precisa entre medidas corretivas, de cariz dissuasor, preventivo e pedagógico, e medidas disciplinares sancionatórias.</li>
</ul>



<p><i class="far fa-file-pdf"></i><a href="http://www.aemc.pt/portal/wp-content/uploads/2019/04/estatuto_aluno.pdf" target="_blank" rel="noopener noreferrer"> Consulte as alterações ao Estatuto do Aluno e a versão integral (Lei nº 51/2012 de 05 de setembro)</a></p>



<br><br><br><br><br><br>

<p>O Estatuto do Aluno é uma lei aprovada pela Assembleia da República que se aplica aos alunos dos ensinos básico</p>
