{"id":1560,"date":"2019-05-08T10:57:51","date_gmt":"2019-05-08T10:57:51","guid":{"rendered":"http:\/\/www.aemc.pt\/portal\/?page_id=1560"},"modified":"2026-03-08T12:02:31","modified_gmt":"2026-03-08T11:02:31","slug":"cursos-profissionais","status":"publish","type":"page","link":"http:\/\/www.aemc.pt\/portal\/index.php\/cursos-profissionais\/","title":{"rendered":"Cursos Profissionais"},"content":{"rendered":"\n<blockquote class=\"wp-block-quote is-layout-flow wp-block-quote-is-layout-flow\">\n<p>Cursos Profissionais.<\/p>\n<\/blockquote>\n\n\n\n<p>Os Cursos Profissionais s\u00e3o um dos percursos do n\u00edvel secund\u00e1rio de educa\u00e7\u00e3o, caracterizados por uma forte liga\u00e7\u00e3o com o mundo profissional. Tendo em conta o teu perfil pessoal, a aprendizagem realizada nestes cursos valoriza o desenvolvimento de compet\u00eancias para o exerc\u00edcio de uma profiss\u00e3o, em articula\u00e7\u00e3o com o sector empresarial local.<\/p>\n\n\n\n<p><br><span style=\"color: #289dcc;\"><strong>ESTRUTURA CURRICULAR<\/strong><\/span><\/p>\n\n\n\n<p>Os Cursos Profissionais t\u00eam uma estrutura curricular organizada por m\u00f3dulos, o que permite maior flexibilidade e respeito pelos teus ritmos de aprendizagem.<\/p>\n\n\n\n<p>O plano de estudos inclui tr\u00eas componentes de forma\u00e7\u00e3o:<\/p>\n\n\n\n<ul class=\"wp-block-list\">\n<li>Sociocultural <\/li>\n\n\n\n<li>Cient\u00edfica<\/li>\n\n\n\n<li>T\u00e9cnica<br>A componente de forma\u00e7\u00e3o t\u00e9cnica inclui obrigatoriamente uma <strong><a href=\"http:\/\/www.aemc.pt\/portal\/index.php\/formacao-em-contexto-de-trabalho\/\">Forma\u00e7\u00e3o em Contexto de Trabalho<\/a><\/strong><\/li>\n<\/ul>\n\n\n\n<p>Estes cursos culminam com a apresenta\u00e7\u00e3o de um projeto, designado por Prova de Aptid\u00e3o Profissional (PAP), no qual demonstrar\u00e1s as compet\u00eancias e saberes que desenvolveste ao longo da forma\u00e7\u00e3o.<\/p>\n\n\n\n<p><br><span style=\"color: #289dcc;\"><strong>Os Cursos Profissionais s\u00e3o o percurso mais indicado para ti se:<\/strong><\/span><\/p>\n\n\n\n<ul class=\"wp-block-list\">\n<li>Conclu\u00edste o 9.\u00ba ano de escolaridade ou forma\u00e7\u00e3o equivalente;<\/li>\n\n\n\n<li>Procuras um ensino mais pr\u00e1tico e voltado para o mundo do trabalho (n\u00e3o exclui a hip\u00f3tese de, mais tarde prosseguires estudos);<\/li>\n\n\n\n<li>Tens idade n\u00e3o superior a 19 anos (\u00e0 data de in\u00edcio do ano escolar).<\/li>\n<\/ul>\n\n\n\n<p><br><span style=\"color: #289dcc;\"><strong>Ainda sobre os Cursos Profissionais:<\/strong><\/span><\/p>\n\n\n\n<ul class=\"wp-block-list\">\n<li>Os cursos profissionais t\u00eam uma dura\u00e7\u00e3o de 3250 horas | 3 anos;<\/li>\n\n\n\n<li>Conferem certifica\u00e7\u00e3o escolar equivalente ao 12.\u00ba ano e certifica\u00e7\u00e3o profissional de N\u00edvel IV.<\/li>\n<\/ul>\n\n\n\n<p><br><span style=\"color: #289dcc;\"><strong>OFERTAS PROFISSIONALIZANTES DO AGRUPAMENTO<\/strong><\/span><\/p>\n\n\n\n<div class=\"wp-block-columns is-layout-flex wp-container-core-columns-is-layout-28f84493 wp-block-columns-is-layout-flex\">\n<div class=\"wp-block-column is-layout-flow wp-block-column-is-layout-flow\">\n<figure class=\"wp-block-image alignleft size-full\"><img loading=\"lazy\" decoding=\"async\" width=\"400\" height=\"223\" src=\"http:\/\/www.aemc.pt\/portal\/wp-content\/uploads\/2024\/03\/proRB.jpg\" alt=\"\" class=\"wp-image-6576\" srcset=\"http:\/\/www.aemc.pt\/portal\/wp-content\/uploads\/2024\/03\/proRB.jpg 400w, http:\/\/www.aemc.pt\/portal\/wp-content\/uploads\/2024\/03\/proRB-300x167.jpg 300w\" sizes=\"auto, (max-width: 400px) 100vw, 400px\" \/><\/figure>\n<\/div>\n<\/div>\n\n\n\n<br>\n\n\n\n<div class=\"wp-block-buttons is-layout-flex wp-block-buttons-is-layout-flex\">\n<div class=\"wp-block-button\"><a class=\"wp-block-button__link wp-element-button\" href=\"http:\/\/www.aemc.pt\/portal\/index.php\/2015\/06\/24\/curso-profissional-tecnico-a-de-restaurante-bar\/\">&#8230; Curso Profissional T\u00c9CNICO\/A de RESTAURANTE\/BAR  <\/a><\/div>\n<\/div>\n\n\n\n<br><br><br>\n\n\n\n<div class=\"wp-block-columns is-layout-flex wp-container-core-columns-is-layout-28f84493 wp-block-columns-is-layout-flex\">\n<div class=\"wp-block-column is-layout-flow wp-block-column-is-layout-flow\">\n<figure class=\"wp-block-image alignleft size-full\"><img loading=\"lazy\" decoding=\"async\" width=\"400\" height=\"223\" src=\"http:\/\/www.aemc.pt\/portal\/wp-content\/uploads\/2024\/03\/proAS-1.jpg\" alt=\"\" class=\"wp-image-6617\" srcset=\"http:\/\/www.aemc.pt\/portal\/wp-content\/uploads\/2024\/03\/proAS-1.jpg 400w, http:\/\/www.aemc.pt\/portal\/wp-content\/uploads\/2024\/03\/proAS-1-300x167.jpg 300w\" sizes=\"auto, (max-width: 400px) 100vw, 400px\" \/><\/figure>\n<\/div>\n<\/div>\n\n\n\n<br>\n\n\n\n<div class=\"wp-block-buttons is-layout-flex wp-block-buttons-is-layout-flex\">\n<div class=\"wp-block-button\"><a class=\"wp-block-button__link wp-element-button\" href=\"http:\/\/www.aemc.pt\/portal\/index.php\/2015\/06\/24\/curso-profissional-tecnico-a-auxiliar-de-saude\/\">&#8230; Curso Profissional T\u00c9CNICO\/A de AUXILIAR DE SA\u00daDE  <\/a><\/div>\n<\/div>\n\n\n\n<br><br>\n\n\n\n<p><i class=\"far fa-file-pdf\"><\/i><a href=\"http:\/\/www.aemc.pt\/portal\/wp-content\/uploads\/2024\/04\/Regulamento-Cursos-Profissionais-23.24.pdf\" target=\"_blank\" rel=\"noopener no referrer noreferrer\"> REGULAMENTO INTERNO DOS CURSOS PROFISSIONAIS<\/a><\/p>\n\n\n\n<p><i class=\"far fa-file-pdf\"><\/i> <a href=\"http:\/\/www.aemc.pt\/portal\/wp-content\/uploads\/2024\/05\/AEMC_Ficha-da-Operacao_CP_22.23.pdf\" target=\"_blank\" rel=\"noreferrer noopener\">FICHA DE OPERA\u00c7\u00c3O (2022\/2023)<\/a><\/p>\n\n\n\n<p><i class=\"far fa-file-pdf\"><\/i> <a href=\"http:\/\/www.aemc.pt\/portal\/wp-content\/uploads\/2025\/04\/V3_23.24_CP_Ficha-Operacao_A4_com_selo.pdf\" target=\"_blank\" rel=\"noreferrer noopener\">FICHA DE OPERA\u00c7\u00c3O (2023\/2024)<\/a><\/p>\n\n\n\n<p><i class=\"far fa-file-pdf\"><\/i> <a href=\"http:\/\/www.aemc.pt\/portal\/wp-content\/uploads\/2025\/02\/24.25_CP_Ficha-Operacao_A4_com_selo_24-25_v2.pdf\" target=\"_blank\" rel=\"noreferrer noopener\">FICHA DE OPERA\u00c7\u00c3O (2024\/2025)<\/a><\/p>\n\n\n\n<p><i class=\"far fa-file-pdf\"><\/i> <a href=\"http:\/\/www.aemc.pt\/portal\/wp-content\/uploads\/2026\/03\/AEMC_CP_Ficha-Operacao_A4_com_selo_2025.26.pdf\" target=\"_blank\" rel=\"noreferrer noopener\">FICHA DE OPERA\u00c7\u00c3O (2025\/2026)<\/a><\/p>\n\n\n\n<br><br><br><br><br><br>\n","protected":false},"excerpt":{"rendered":"<p>Cursos Profissionais. Os Cursos Profissionais s\u00e3o um dos percursos do n\u00edvel secund\u00e1rio de educa\u00e7\u00e3o, caracterizados por uma forte liga\u00e7\u00e3o com<\/p>\n","protected":false},"author":1,"featured_media":6559,"parent":0,"menu_order":0,"comment_status":"closed","ping_status":"closed","template":"","meta":{"colormag_page_container_layout":"no_sidebar_content_centered","colormag_page_sidebar_layout":"no_sidebar","ngg_post_thumbnail":0,"iawp_total_views":259,"footnotes":"","_links_to":"","_links_to_target":""},"class_list":["post-1560","page","type-page","status-publish","has-post-thumbnail","hentry"],"_links":{"self":[{"href":"http:\/\/www.aemc.pt\/portal\/index.php\/wp-json\/wp\/v2\/pages\/1560","targetHints":{"allow":["GET"]}}],"collection":[{"href":"http:\/\/www.aemc.pt\/portal\/index.php\/wp-json\/wp\/v2\/pages"}],"about":[{"href":"http:\/\/www.aemc.pt\/portal\/index.php\/wp-json\/wp\/v2\/types\/page"}],"author":[{"embeddable":true,"href":"http:\/\/www.aemc.pt\/portal\/index.php\/wp-json\/wp\/v2\/users\/1"}],"replies":[{"embeddable":true,"href":"http:\/\/www.aemc.pt\/portal\/index.php\/wp-json\/wp\/v2\/comments?post=1560"}],"version-history":[{"count":53,"href":"http:\/\/www.aemc.pt\/portal\/index.php\/wp-json\/wp\/v2\/pages\/1560\/revisions"}],"predecessor-version":[{"id":8863,"href":"http:\/\/www.aemc.pt\/portal\/index.php\/wp-json\/wp\/v2\/pages\/1560\/revisions\/8863"}],"wp:featuredmedia":[{"embeddable":true,"href":"http:\/\/www.aemc.pt\/portal\/index.php\/wp-json\/wp\/v2\/media\/6559"}],"wp:attachment":[{"href":"http:\/\/www.aemc.pt\/portal\/index.php\/wp-json\/wp\/v2\/media?parent=1560"}],"curies":[{"name":"wp","href":"https:\/\/api.w.org\/{rel}","templated":true}]}}

<blockquote class="wp-block-quote is-layout-flow wp-block-quote-is-layout-flow">
<p>Cursos Profissionais.</p>
</blockquote>



<p>Os Cursos Profissionais são um dos percursos do nível secundário de educação, caracterizados por uma forte ligação com o mundo profissional. Tendo em conta o teu perfil pessoal, a aprendizagem realizada nestes cursos valoriza o desenvolvimento de competências para o exercício de uma profissão, em articulação com o sector empresarial local.</p>



<p><br><span style="color: #289dcc;"><strong>ESTRUTURA CURRICULAR</strong></span></p>



<p>Os Cursos Profissionais têm uma estrutura curricular organizada por módulos, o que permite maior flexibilidade e respeito pelos teus ritmos de aprendizagem.</p>



<p>O plano de estudos inclui três componentes de formação:</p>



<ul class="wp-block-list">
<li>Sociocultural </li>



<li>Científica</li>



<li>Técnica<br>A componente de formação técnica inclui obrigatoriamente uma <strong><a href="http://www.aemc.pt/portal/index.php/formacao-em-contexto-de-trabalho/">Formação em Contexto de Trabalho</a></strong></li>
</ul>



<p>Estes cursos culminam com a apresentação de um projeto, designado por Prova de Aptidão Profissional (PAP), no qual demonstrarás as competências e saberes que desenvolveste ao longo da formação.</p>



<p><br><span style="color: #289dcc;"><strong>Os Cursos Profissionais são o percurso mais indicado para ti se:</strong></span></p>



<ul class="wp-block-list">
<li>Concluíste o 9.º ano de escolaridade ou formação equivalente;</li>



<li>Procuras um ensino mais prático e voltado para o mundo do trabalho (não exclui a hipótese de, mais tarde prosseguires estudos);</li>



<li>Tens idade não superior a 19 anos (à data de início do ano escolar).</li>
</ul>



<p><br><span style="color: #289dcc;"><strong>Ainda sobre os Cursos Profissionais:</strong></span></p>



<ul class="wp-block-list">
<li>Os cursos profissionais têm uma duração de 3250 horas | 3 anos;</li>



<li>Conferem certificação escolar equivalente ao 12.º ano e certificação profissional de Nível IV.</li>
</ul>



<p><br><span style="color: #289dcc;"><strong>OFERTAS PROFISSIONALIZANTES DO AGRUPAMENTO</strong></span></p>



<div class="wp-block-columns is-layout-flex wp-container-core-columns-is-layout-28f84493 wp-block-columns-is-layout-flex">
<div class="wp-block-column is-layout-flow wp-block-column-is-layout-flow">
<figure class="wp-block-image alignleft size-full"><img loading="lazy" decoding="async" width="400" height="223" src="http://www.aemc.pt/portal/wp-content/uploads/2024/03/proRB.jpg" alt="" class="wp-image-6576" srcset="http://www.aemc.pt/portal/wp-content/uploads/2024/03/proRB.jpg 400w, http://www.aemc.pt/portal/wp-content/uploads/2024/03/proRB-300x167.jpg 300w" sizes="auto, (max-width: 400px) 100vw, 400px" /></figure>
</div>
</div>



<br>



<div class="wp-block-buttons is-layout-flex wp-block-buttons-is-layout-flex">
<div class="wp-block-button"><a class="wp-block-button__link wp-element-button" href="http://www.aemc.pt/portal/index.php/2015/06/24/curso-profissional-tecnico-a-de-restaurante-bar/">&#8230; Curso Profissional TÉCNICO/A de RESTAURANTE/BAR  </a></div>
</div>



<br><br><br>



<div class="wp-block-columns is-layout-flex wp-container-core-columns-is-layout-28f84493 wp-block-columns-is-layout-flex">
<div class="wp-block-column is-layout-flow wp-block-column-is-layout-flow">
<figure class="wp-block-image alignleft size-full"><img loading="lazy" decoding="async" width="400" height="223" src="http://www.aemc.pt/portal/wp-content/uploads/2024/03/proAS-1.jpg" alt="" class="wp-image-6617" srcset="http://www.aemc.pt/portal/wp-content/uploads/2024/03/proAS-1.jpg 400w, http://www.aemc.pt/portal/wp-content/uploads/2024/03/proAS-1-300x167.jpg 300w" sizes="auto, (max-width: 400px) 100vw, 400px" /></figure>
</div>
</div>



<br>



<div class="wp-block-buttons is-layout-flex wp-block-buttons-is-layout-flex">
<div class="wp-block-button"><a class="wp-block-button__link wp-element-button" href="http://www.aemc.pt/portal/index.php/2015/06/24/curso-profissional-tecnico-a-auxiliar-de-saude/">&#8230; Curso Profissional TÉCNICO/A de AUXILIAR DE SAÚDE  </a></div>
</div>



<br><br>



<p><i class="far fa-file-pdf"></i><a href="http://www.aemc.pt/portal/wp-content/uploads/2024/04/Regulamento-Cursos-Profissionais-23.24.pdf" target="_blank" rel="noopener no referrer noreferrer"> REGULAMENTO INTERNO DOS CURSOS PROFISSIONAIS</a></p>



<p><i class="far fa-file-pdf"></i> <a href="http://www.aemc.pt/portal/wp-content/uploads/2024/05/AEMC_Ficha-da-Operacao_CP_22.23.pdf" target="_blank" rel="noreferrer noopener">FICHA DE OPERAÇÃO (2022/2023)</a></p>



<p><i class="far fa-file-pdf"></i> <a href="http://www.aemc.pt/portal/wp-content/uploads/2025/04/V3_23.24_CP_Ficha-Operacao_A4_com_selo.pdf" target="_blank" rel="noreferrer noopener">FICHA DE OPERAÇÃO (2023/2024)</a></p>



<p><i class="far fa-file-pdf"></i> <a href="http://www.aemc.pt/portal/wp-content/uploads/2025/02/24.25_CP_Ficha-Operacao_A4_com_selo_24-25_v2.pdf" target="_blank" rel="noreferrer noopener">FICHA DE OPERAÇÃO (2024/2025)</a></p>



<p><i class="far fa-file-pdf"></i> <a href="http://www.aemc.pt/portal/wp-content/uploads/2026/03/AEMC_CP_Ficha-Operacao_A4_com_selo_2025.26.pdf" target="_blank" rel="noreferrer noopener">FICHA DE OPERAÇÃO (2025/2026)</a></p>



<br><br><br><br><br><br>

<p>Cursos Profissionais. Os Cursos Profissionais são um dos percursos do nível secundário de educação, caracterizados por uma forte ligação com</p>
