{"id":3175,"date":"2020-06-22T14:31:49","date_gmt":"2020-06-22T14:31:49","guid":{"rendered":"http:\/\/www.aemc.pt\/portal\/?page_id=3175"},"modified":"2020-09-27T18:43:40","modified_gmt":"2020-09-27T17:43:40","slug":"os-nossos-parceiros","status":"publish","type":"page","link":"http:\/\/www.aemc.pt\/portal\/index.php\/os-nossos-parceiros\/","title":{"rendered":"Os Nossos Parceiros"},"content":{"rendered":"\n<blockquote class=\"wp-block-quote is-layout-flow wp-block-quote-is-layout-flow\"><p>Educa\u00e7\u00e3o e Forma\u00e7\u00e3o Profissional \u2014 OS NOSSOS PARCEIROS.<\/p><\/blockquote>\n\n\n\n<br><p><span style=\"color: #0000ff;\"><strong>OS NOSSOS PARCEIROS<\/strong><\/span><\/p>\n\n\n\n<figure class=\"wp-block-table is-style-stripes\"><table><tbody><tr><td><strong>A<\/strong><\/td><\/tr><tr><td>A Adega &#8211; Restaurante<br>Amizade e Abrigo<br>Arquivo Distrital de Bragan\u00e7a<br>Associa\u00e7\u00e3o Comercial e Industrial de Macedo de Cavaleiros<br>Associa\u00e7\u00e3o Geopark Terras de Cavaleiros<br>&#8230;<\/td><\/tr><tr><td><strong>B<\/strong><\/td><\/tr><tr><td>Bibau Bar<br>Biblioteca Municipal de Macedo de Cavaleiros<br>Bombeiros Volunt\u00e1rios de Macedo de Cavaleiros<br>Brasa &#8211; Restaurante Brasa<br>&#8230;<\/td><\/tr><tr><td><strong>C<\/strong><\/td><\/tr><tr><td>C\u00e2mara Municipal de Macedo de Cavaleiros<br>Casa de Repouso Afonso<br>Casa Jaiminho (Antiga Adega da Boavista)<br>Centro Cultural Recreativo de Lim\u00e3os<br>Centro de Arte Contempor\u00e2nea Gra\u00e7a Morais \u2013 Bragan\u00e7a<br>Centro Hospitalar de Tr\u00e1s-os-Montes e Alto Douro<br>Centro Social e Paroquial de Grij\u00f3<br>Centro Social e Paroquial de Rossas<br>Charilo\u00b4s &#8211; Caf\u00e9 e Pastelaria, Lda.\u00a0\u2013\u00a0Mirandela<br>Chef Saldanha &#8211; Carlos Saldanha Unipessoal, Lda.<br>&#8230;<\/td><\/tr><tr><td><strong>D<\/strong><\/td><\/tr><tr><td>Dezmanos Caffe\u00a0\u00a0<br>Douro Azul<br>&#8230;<\/td><\/tr><tr><td><strong>F<\/strong><\/td><\/tr><tr><td>FisioSa\u00fade<br>&#8230;<\/td><\/tr><tr><td><strong>G<\/strong><\/td><\/tr><tr><td>Pousada<br>&#8230;<\/td><\/tr><tr><td><strong>H<\/strong><\/td><\/tr><tr><td>Hospital Terra Quente<br>Hotel Casino Solverde de Chaves<br>Hotel Dom Dinis<br>Humanum Est \u2013 Sa\u00fade Mental e Desenvolvimento Humano<br>HUNTING NUMBERS Unipessoal, Lda.<br>&#8230;<\/td><\/tr><tr><td><strong>I<\/strong><\/td><\/tr><tr><td>Instituto Polit\u00e9cnico de Bragan\u00e7a \u2013 IPB (ESSa)<br>IPI: Instituto Plural do Interior \u2013 Penafiel, Cantina do IPL, Lda.<br>ISMAI<br>&#8230;<\/td><\/tr><tr><td><strong>L<\/strong><\/td><\/tr><tr><td>Lar Sagrada Fam\u00edlia<br>Lar Santa Marinha<br>&#8230;<\/td><\/tr><tr><td><strong>M<\/strong><\/td><\/tr><tr><td>Marco Ant\u00f3nio &#8211; Restaurante<br>Marisol &#8211; Restaurante Marisol, A.L.<br>Marisqueira Novo Mariano &#8211; Caf\u00e9 Pastelaria Kurssak<br>Martins &#8211; Restaurante Martins \u2013 Durval Assun\u00e7\u00e3o Ferreirinha<br>Mesa Quatro &#8211; F\u00e1bio Augusto Ribeiro Almeida (Antiga Adega dos Cavaleiros)<br>Monte Velho &#8211; Restaurante Monte Velho<br>Museu Militar de Bragan\u00e7a<br>Museu Rural de Salselas<br>&#8230;<\/td><\/tr><tr><td><strong>N<\/strong><\/td><\/tr><tr><td>New Bar &#8211; Vera M\u00f3nica Mendes da Costa Rocha<br>&#8230;<\/td><\/tr><tr><td><strong>O<\/strong><\/td><\/tr><tr><td>O Cantinho da Espanhola<br>O do Mercado &#8211; Rui Manuel Trovisco Rocha\u00a0<br>O Montanh\u00eas &#8211; Lu\u00eds e Paula, Lda.\u00a0\u00a0<br>O Sineta &#8211; Restaurante Banrezes, Lda.\u00a0<br>&#8230;<\/td><\/tr><tr><td><strong>P<\/strong><\/td><\/tr><tr><td>Parentes Bar<br>Pastelaria Milena<br>Pastelaria Soldoce &#8211; JMV Pastelaria, Lda.<br>Pizzaria Beladoce<br>Pizzaria Di Roma &#8211; Ana Amaro Borges Unipessoal, Lda.<br>&#8230;<\/td><\/tr><tr><td><strong>Q<\/strong><\/td><\/tr><tr><td>Quinta da Terrincha<br>&#8230;<\/td><\/tr><tr><td><strong>R<\/strong><\/td><\/tr><tr><td>R\u00e1dio Onda Livre<br>Restaurante Dona Ant\u00f3nia\u00a0&#8211;\u00a0Ant\u00f3nio Joaquim Bragada, Lda.<br>Restaurante O Pomar &#8211; Grilo e Moreno, Rest. Lda.<br>Restaurante Real Domus<br>Rod\u00edzio &#8211; Jos\u00e9 Nascimento Sim\u00e3o Com\u00e9rcio A. Soc. Unipessoal, Lda.<br>&#8230;<\/td><\/tr><tr><td><strong>S<\/strong><\/td><\/tr><tr><td>Santa Casa da Miseric\u00f3rdia de Macedo de Cavaleiros<br>Snack-Bar Restaurante Pra\u00e7a das Eiras<br>&#8230;<\/td><\/tr><tr><td><strong>T<\/strong><\/td><\/tr><tr><td>Termas de Chaves<br>&#8230;<\/td><\/tr><tr><td><strong>U<\/strong><\/td><\/tr><tr><td>Unidade de Cuidados Continuados &#8211; Buraca<br>Unidade Local de Sa\u00fade do Nordeste&nbsp;<br>Uniself, S.A. &#8211; Cantina do AE Macedo de Cavaleiros<br><\/td><\/tr><tr><td><strong>V<\/strong><\/td><\/tr><tr><td>Vale o Bem Viver<br>Villar de Masaedo &#8211; Artur Casimiro Cabe\u00e7a Costa<br>&#8230;<\/td><\/tr><\/tbody><\/table><\/figure>\n\n\n\n<br><br><br><br><br><br>\n\n\n\n<p><\/p>\n","protected":false},"excerpt":{"rendered":"<p>Educa\u00e7\u00e3o e Forma\u00e7\u00e3o Profissional \u2014 OS NOSSOS PARCEIROS. OS NOSSOS PARCEIROS<\/p>\n","protected":false},"author":1,"featured_media":3176,"parent":0,"menu_order":0,"comment_status":"closed","ping_status":"closed","template":"","meta":{"colormag_page_container_layout":"no_sidebar_content_centered","colormag_page_sidebar_layout":"no_sidebar","ngg_post_thumbnail":0,"iawp_total_views":14,"footnotes":"","_links_to":"","_links_to_target":""},"class_list":["post-3175","page","type-page","status-publish","has-post-thumbnail","hentry"],"_links":{"self":[{"href":"http:\/\/www.aemc.pt\/portal\/index.php\/wp-json\/wp\/v2\/pages\/3175","targetHints":{"allow":["GET"]}}],"collection":[{"href":"http:\/\/www.aemc.pt\/portal\/index.php\/wp-json\/wp\/v2\/pages"}],"about":[{"href":"http:\/\/www.aemc.pt\/portal\/index.php\/wp-json\/wp\/v2\/types\/page"}],"author":[{"embeddable":true,"href":"http:\/\/www.aemc.pt\/portal\/index.php\/wp-json\/wp\/v2\/users\/1"}],"replies":[{"embeddable":true,"href":"http:\/\/www.aemc.pt\/portal\/index.php\/wp-json\/wp\/v2\/comments?post=3175"}],"version-history":[{"count":3,"href":"http:\/\/www.aemc.pt\/portal\/index.php\/wp-json\/wp\/v2\/pages\/3175\/revisions"}],"predecessor-version":[{"id":3456,"href":"http:\/\/www.aemc.pt\/portal\/index.php\/wp-json\/wp\/v2\/pages\/3175\/revisions\/3456"}],"wp:featuredmedia":[{"embeddable":true,"href":"http:\/\/www.aemc.pt\/portal\/index.php\/wp-json\/wp\/v2\/media\/3176"}],"wp:attachment":[{"href":"http:\/\/www.aemc.pt\/portal\/index.php\/wp-json\/wp\/v2\/media?parent=3175"}],"curies":[{"name":"wp","href":"https:\/\/api.w.org\/{rel}","templated":true}]}}

<blockquote class="wp-block-quote is-layout-flow wp-block-quote-is-layout-flow"><p>Educação e Formação Profissional — OS NOSSOS PARCEIROS.</p></blockquote>



<br><p><span style="color: #0000ff;"><strong>OS NOSSOS PARCEIROS</strong></span></p>



<figure class="wp-block-table is-style-stripes"><table><tbody><tr><td><strong>A</strong></td></tr><tr><td>A Adega &#8211; Restaurante<br>Amizade e Abrigo<br>Arquivo Distrital de Bragança<br>Associação Comercial e Industrial de Macedo de Cavaleiros<br>Associação Geopark Terras de Cavaleiros<br>&#8230;</td></tr><tr><td><strong>B</strong></td></tr><tr><td>Bibau Bar<br>Biblioteca Municipal de Macedo de Cavaleiros<br>Bombeiros Voluntários de Macedo de Cavaleiros<br>Brasa &#8211; Restaurante Brasa<br>&#8230;</td></tr><tr><td><strong>C</strong></td></tr><tr><td>Câmara Municipal de Macedo de Cavaleiros<br>Casa de Repouso Afonso<br>Casa Jaiminho (Antiga Adega da Boavista)<br>Centro Cultural Recreativo de Limãos<br>Centro de Arte Contemporânea Graça Morais – Bragança<br>Centro Hospitalar de Trás-os-Montes e Alto Douro<br>Centro Social e Paroquial de Grijó<br>Centro Social e Paroquial de Rossas<br>Charilo´s &#8211; Café e Pastelaria, Lda. – Mirandela<br>Chef Saldanha &#8211; Carlos Saldanha Unipessoal, Lda.<br>&#8230;</td></tr><tr><td><strong>D</strong></td></tr><tr><td>Dezmanos Caffe  <br>Douro Azul<br>&#8230;</td></tr><tr><td><strong>F</strong></td></tr><tr><td>FisioSaúde<br>&#8230;</td></tr><tr><td><strong>G</strong></td></tr><tr><td>Pousada<br>&#8230;</td></tr><tr><td><strong>H</strong></td></tr><tr><td>Hospital Terra Quente<br>Hotel Casino Solverde de Chaves<br>Hotel Dom Dinis<br>Humanum Est – Saúde Mental e Desenvolvimento Humano<br>HUNTING NUMBERS Unipessoal, Lda.<br>&#8230;</td></tr><tr><td><strong>I</strong></td></tr><tr><td>Instituto Politécnico de Bragança – IPB (ESSa)<br>IPI: Instituto Plural do Interior – Penafiel, Cantina do IPL, Lda.<br>ISMAI<br>&#8230;</td></tr><tr><td><strong>L</strong></td></tr><tr><td>Lar Sagrada Família<br>Lar Santa Marinha<br>&#8230;</td></tr><tr><td><strong>M</strong></td></tr><tr><td>Marco António &#8211; Restaurante<br>Marisol &#8211; Restaurante Marisol, A.L.<br>Marisqueira Novo Mariano &#8211; Café Pastelaria Kurssak<br>Martins &#8211; Restaurante Martins – Durval Assunção Ferreirinha<br>Mesa Quatro &#8211; Fábio Augusto Ribeiro Almeida (Antiga Adega dos Cavaleiros)<br>Monte Velho &#8211; Restaurante Monte Velho<br>Museu Militar de Bragança<br>Museu Rural de Salselas<br>&#8230;</td></tr><tr><td><strong>N</strong></td></tr><tr><td>New Bar &#8211; Vera Mónica Mendes da Costa Rocha<br>&#8230;</td></tr><tr><td><strong>O</strong></td></tr><tr><td>O Cantinho da Espanhola<br>O do Mercado &#8211; Rui Manuel Trovisco Rocha <br>O Montanhês &#8211; Luís e Paula, Lda.  <br>O Sineta &#8211; Restaurante Banrezes, Lda. <br>&#8230;</td></tr><tr><td><strong>P</strong></td></tr><tr><td>Parentes Bar<br>Pastelaria Milena<br>Pastelaria Soldoce &#8211; JMV Pastelaria, Lda.<br>Pizzaria Beladoce<br>Pizzaria Di Roma &#8211; Ana Amaro Borges Unipessoal, Lda.<br>&#8230;</td></tr><tr><td><strong>Q</strong></td></tr><tr><td>Quinta da Terrincha<br>&#8230;</td></tr><tr><td><strong>R</strong></td></tr><tr><td>Rádio Onda Livre<br>Restaurante Dona Antónia &#8211; António Joaquim Bragada, Lda.<br>Restaurante O Pomar &#8211; Grilo e Moreno, Rest. Lda.<br>Restaurante Real Domus<br>Rodízio &#8211; José Nascimento Simão Comércio A. Soc. Unipessoal, Lda.<br>&#8230;</td></tr><tr><td><strong>S</strong></td></tr><tr><td>Santa Casa da Misericórdia de Macedo de Cavaleiros<br>Snack-Bar Restaurante Praça das Eiras<br>&#8230;</td></tr><tr><td><strong>T</strong></td></tr><tr><td>Termas de Chaves<br>&#8230;</td></tr><tr><td><strong>U</strong></td></tr><tr><td>Unidade de Cuidados Continuados &#8211; Buraca<br>Unidade Local de Saúde do Nordeste&nbsp;<br>Uniself, S.A. &#8211; Cantina do AE Macedo de Cavaleiros<br></td></tr><tr><td><strong>V</strong></td></tr><tr><td>Vale o Bem Viver<br>Villar de Masaedo &#8211; Artur Casimiro Cabeça Costa<br>&#8230;</td></tr></tbody></table></figure>



<br><br><br><br><br><br>



<p></p>

<p>Educação e Formação Profissional — OS NOSSOS PARCEIROS. OS NOSSOS PARCEIROS</p>
