{"id":3472,"date":"2020-09-27T20:35:03","date_gmt":"2020-09-27T19:35:03","guid":{"rendered":"http:\/\/www.aemc.pt\/portal\/?page_id=3472"},"modified":"2022-08-25T19:32:31","modified_gmt":"2022-08-25T18:32:31","slug":"ligacoes-uteis","status":"publish","type":"page","link":"http:\/\/www.aemc.pt\/portal\/index.php\/ligacoes-uteis\/","title":{"rendered":"Liga\u00e7\u00f5es \u00fateis"},"content":{"rendered":"\n<blockquote class=\"wp-block-quote is-layout-flow wp-block-quote-is-layout-flow\"><p><em>blogs, projetos do AE<\/em><\/p><\/blockquote>\n\n\n\n<figure class=\"wp-block-table is-style-stripes\"><table><tbody><tr><td class=\"has-text-align-center\" data-align=\"center\"><\/td><td><\/td><td class=\"has-text-align-center\" data-align=\"center\"><\/td><td><\/td><td class=\"has-text-align-center\" data-align=\"center\"><\/td><\/tr><tr><td class=\"has-text-align-center\" data-align=\"center\"><a rel=\"noreferrer noopener\" href=\"http:\/\/www.aemc.pt\/portal\/wp-content\/uploads\/2019\/12\/PCE_Final.pdf\" target=\"_blank\"><img decoding=\"async\" src=\"http:\/\/www.aemc.pt\/portal\/wp-content\/uploads\/2019\/12\/planoNacionalArtes.png\" alt=\"\"><\/a><\/td><td><\/td><td class=\"has-text-align-center\" data-align=\"center\"><a rel=\"noreferrer noopener\" href=\"http:\/\/experimentaraprender.blogspot.com\/\" target=\"_blank\"><img decoding=\"async\" src=\"http:\/\/www.aemc.pt\/portal\/wp-content\/uploads\/2019\/07\/blog1e2cicloAEMC.jpg\" alt=\"\"><\/a><\/td><td><\/td><td class=\"has-text-align-center\" data-align=\"center\"><a rel=\"noreferrer noopener\" href=\"https:\/\/aemacedo-cavaleiros.wixsite.com\/olhovivo\" target=\"_blank\"><img decoding=\"async\" src=\"http:\/\/www.aemc.pt\/portal\/wp-content\/uploads\/2022\/03\/jornalEscolar.png\"><\/a><\/td><\/tr><tr><td class=\"has-text-align-center\" data-align=\"center\"><\/td><td><\/td><td class=\"has-text-align-center\" data-align=\"center\"><\/td><td><\/td><td class=\"has-text-align-center\" data-align=\"center\"><\/td><\/tr><\/tbody><\/table><\/figure>\n\n\n\n<blockquote class=\"wp-block-quote is-layout-flow wp-block-quote-is-layout-flow\"><p>Liga\u00e7\u00f5es \u00fateis externas<\/p><\/blockquote>\n","protected":false},"excerpt":{"rendered":"<p>blogs, projetos do AE Liga\u00e7\u00f5es \u00fateis externas<\/p>\n","protected":false},"author":1,"featured_media":0,"parent":0,"menu_order":0,"comment_status":"closed","ping_status":"closed","template":"","meta":{"colormag_page_container_layout":"no_sidebar_full_width","colormag_page_sidebar_layout":"no_sidebar","ngg_post_thumbnail":0,"iawp_total_views":79,"footnotes":"","_links_to":"","_links_to_target":""},"class_list":["post-3472","page","type-page","status-publish","hentry"],"_links":{"self":[{"href":"http:\/\/www.aemc.pt\/portal\/index.php\/wp-json\/wp\/v2\/pages\/3472","targetHints":{"allow":["GET"]}}],"collection":[{"href":"http:\/\/www.aemc.pt\/portal\/index.php\/wp-json\/wp\/v2\/pages"}],"about":[{"href":"http:\/\/www.aemc.pt\/portal\/index.php\/wp-json\/wp\/v2\/types\/page"}],"author":[{"embeddable":true,"href":"http:\/\/www.aemc.pt\/portal\/index.php\/wp-json\/wp\/v2\/users\/1"}],"replies":[{"embeddable":true,"href":"http:\/\/www.aemc.pt\/portal\/index.php\/wp-json\/wp\/v2\/comments?post=3472"}],"version-history":[{"count":17,"href":"http:\/\/www.aemc.pt\/portal\/index.php\/wp-json\/wp\/v2\/pages\/3472\/revisions"}],"predecessor-version":[{"id":4758,"href":"http:\/\/www.aemc.pt\/portal\/index.php\/wp-json\/wp\/v2\/pages\/3472\/revisions\/4758"}],"wp:attachment":[{"href":"http:\/\/www.aemc.pt\/portal\/index.php\/wp-json\/wp\/v2\/media?parent=3472"}],"curies":[{"name":"wp","href":"https:\/\/api.w.org\/{rel}","templated":true}]}}