{"id":5989,"date":"2023-10-11T17:21:37","date_gmt":"2023-10-11T16:21:37","guid":{"rendered":"http:\/\/www.aemc.pt\/portal\/?page_id=5989"},"modified":"2025-09-17T18:22:06","modified_gmt":"2025-09-17T17:22:06","slug":"cprocivil","status":"publish","type":"page","link":"http:\/\/www.aemc.pt\/portal\/index.php\/cprocivil\/","title":{"rendered":"Clube da Prote\u00e7\u00e3o C\u00edvil"},"content":{"rendered":"\n<blockquote class=\"wp-block-quote is-layout-flow wp-block-quote-is-layout-flow\">\n<p>P\u00e1gina do Clube da Prote\u00e7\u00e3o C\u00edvil<\/p>\n<\/blockquote>\n\n\n\n<br>\n\n\n\n<div class=\"wp-block-columns is-layout-flex wp-container-core-columns-is-layout-28f84493 wp-block-columns-is-layout-flex\">\n<div class=\"wp-block-column is-layout-flow wp-block-column-is-layout-flow\" style=\"flex-basis:33.33%\">\n<figure class=\"wp-block-image size-full\"><img loading=\"lazy\" decoding=\"async\" width=\"512\" height=\"512\" src=\"https:\/\/www.aemc.pt\/portal\/wp-content\/uploads\/2025\/09\/cProCivilAEMC.jpg\" alt=\"\" class=\"wp-image-8330\" srcset=\"http:\/\/www.aemc.pt\/portal\/wp-content\/uploads\/2025\/09\/cProCivilAEMC.jpg 512w, http:\/\/www.aemc.pt\/portal\/wp-content\/uploads\/2025\/09\/cProCivilAEMC-300x300.jpg 300w, http:\/\/www.aemc.pt\/portal\/wp-content\/uploads\/2025\/09\/cProCivilAEMC-150x150.jpg 150w\" sizes=\"auto, (max-width: 512px) 100vw, 512px\" \/><\/figure>\n\n\n\n<br><br>\n\n\n\n<div class=\"wp-block-buttons is-layout-flex wp-block-buttons-is-layout-flex\">\n<div class=\"wp-block-button\"><a class=\"wp-block-button__link wp-element-button\" href=\"https:\/\/forms.office.com\/e\/9RhivB2DFC\" target=\"_blank\" rel=\"noreferrer noopener\">Inscreve-te AQUI<\/a><\/div>\n<\/div>\n<\/div>\n\n\n\n<div class=\"wp-block-column is-layout-flow wp-block-column-is-layout-flow\" style=\"flex-basis:66.66%\">\n<figure class=\"wp-block-image size-large\"><img loading=\"lazy\" decoding=\"async\" width=\"737\" height=\"1024\" src=\"http:\/\/www.aemc.pt\/portal\/wp-content\/uploads\/2025\/09\/cartazcProCivilAEMC-737x1024.jpg\" alt=\"\" class=\"wp-image-8331\" srcset=\"http:\/\/www.aemc.pt\/portal\/wp-content\/uploads\/2025\/09\/cartazcProCivilAEMC-737x1024.jpg 737w, http:\/\/www.aemc.pt\/portal\/wp-content\/uploads\/2025\/09\/cartazcProCivilAEMC-216x300.jpg 216w, http:\/\/www.aemc.pt\/portal\/wp-content\/uploads\/2025\/09\/cartazcProCivilAEMC-768x1067.jpg 768w, http:\/\/www.aemc.pt\/portal\/wp-content\/uploads\/2025\/09\/cartazcProCivilAEMC-1106x1536.jpg 1106w, http:\/\/www.aemc.pt\/portal\/wp-content\/uploads\/2025\/09\/cartazcProCivilAEMC-1475x2048.jpg 1475w, http:\/\/www.aemc.pt\/portal\/wp-content\/uploads\/2025\/09\/cartazcProCivilAEMC-scaled.jpg 1843w\" sizes=\"auto, (max-width: 737px) 100vw, 737px\" \/><\/figure>\n\n\n\n<BR>\n\n\n\n<BR>\n<\/div>\n<\/div>\n\n\n\n<br><br><br>\n\n\n\n<p><\/p>\n","protected":false},"excerpt":{"rendered":"<p>P\u00e1gina do Clube da Prote\u00e7\u00e3o C\u00edvil<\/p>\n","protected":false},"author":1,"featured_media":0,"parent":0,"menu_order":0,"comment_status":"closed","ping_status":"closed","template":"","meta":{"colormag_page_container_layout":"no_sidebar_full_width","colormag_page_sidebar_layout":"no_sidebar","ngg_post_thumbnail":0,"iawp_total_views":44,"footnotes":"","_links_to":"","_links_to_target":""},"class_list":["post-5989","page","type-page","status-publish","hentry"],"_links":{"self":[{"href":"http:\/\/www.aemc.pt\/portal\/index.php\/wp-json\/wp\/v2\/pages\/5989","targetHints":{"allow":["GET"]}}],"collection":[{"href":"http:\/\/www.aemc.pt\/portal\/index.php\/wp-json\/wp\/v2\/pages"}],"about":[{"href":"http:\/\/www.aemc.pt\/portal\/index.php\/wp-json\/wp\/v2\/types\/page"}],"author":[{"embeddable":true,"href":"http:\/\/www.aemc.pt\/portal\/index.php\/wp-json\/wp\/v2\/users\/1"}],"replies":[{"embeddable":true,"href":"http:\/\/www.aemc.pt\/portal\/index.php\/wp-json\/wp\/v2\/comments?post=5989"}],"version-history":[{"count":48,"href":"http:\/\/www.aemc.pt\/portal\/index.php\/wp-json\/wp\/v2\/pages\/5989\/revisions"}],"predecessor-version":[{"id":8332,"href":"http:\/\/www.aemc.pt\/portal\/index.php\/wp-json\/wp\/v2\/pages\/5989\/revisions\/8332"}],"wp:attachment":[{"href":"http:\/\/www.aemc.pt\/portal\/index.php\/wp-json\/wp\/v2\/media?parent=5989"}],"curies":[{"name":"wp","href":"https:\/\/api.w.org\/{rel}","templated":true}]}}

Clube da Proteção Cívil

<blockquote class="wp-block-quote is-layout-flow wp-block-quote-is-layout-flow">
<p>Página do Clube da Proteção Cívil</p>
</blockquote>



<br>



<div class="wp-block-columns is-layout-flex wp-container-core-columns-is-layout-28f84493 wp-block-columns-is-layout-flex">
<div class="wp-block-column is-layout-flow wp-block-column-is-layout-flow" style="flex-basis:33.33%">
<figure class="wp-block-image size-full"><img loading="lazy" decoding="async" width="512" height="512" src="https://www.aemc.pt/portal/wp-content/uploads/2025/09/cProCivilAEMC.jpg" alt="" class="wp-image-8330" srcset="http://www.aemc.pt/portal/wp-content/uploads/2025/09/cProCivilAEMC.jpg 512w, http://www.aemc.pt/portal/wp-content/uploads/2025/09/cProCivilAEMC-300x300.jpg 300w, http://www.aemc.pt/portal/wp-content/uploads/2025/09/cProCivilAEMC-150x150.jpg 150w" sizes="auto, (max-width: 512px) 100vw, 512px" /></figure>



<br><br>



<div class="wp-block-buttons is-layout-flex wp-block-buttons-is-layout-flex">
<div class="wp-block-button"><a class="wp-block-button__link wp-element-button" href="https://forms.office.com/e/9RhivB2DFC" target="_blank" rel="noreferrer noopener">Inscreve-te AQUI</a></div>
</div>
</div>



<div class="wp-block-column is-layout-flow wp-block-column-is-layout-flow" style="flex-basis:66.66%">
<figure class="wp-block-image size-large"><img loading="lazy" decoding="async" width="737" height="1024" src="http://www.aemc.pt/portal/wp-content/uploads/2025/09/cartazcProCivilAEMC-737x1024.jpg" alt="" class="wp-image-8331" srcset="http://www.aemc.pt/portal/wp-content/uploads/2025/09/cartazcProCivilAEMC-737x1024.jpg 737w, http://www.aemc.pt/portal/wp-content/uploads/2025/09/cartazcProCivilAEMC-216x300.jpg 216w, http://www.aemc.pt/portal/wp-content/uploads/2025/09/cartazcProCivilAEMC-768x1067.jpg 768w, http://www.aemc.pt/portal/wp-content/uploads/2025/09/cartazcProCivilAEMC-1106x1536.jpg 1106w, http://www.aemc.pt/portal/wp-content/uploads/2025/09/cartazcProCivilAEMC-1475x2048.jpg 1475w, http://www.aemc.pt/portal/wp-content/uploads/2025/09/cartazcProCivilAEMC-scaled.jpg 1843w" sizes="auto, (max-width: 737px) 100vw, 737px" /></figure>



<BR>



<BR>
</div>
</div>



<br><br><br>



<p></p>

<p>Página do Clube da Proteção Cívil</p>
