{"id":787,"date":"2019-03-12T11:49:51","date_gmt":"2019-03-12T11:49:51","guid":{"rendered":"http:\/\/www.aemc.pt\/portal\/?page_id=787"},"modified":"2026-01-29T00:37:28","modified_gmt":"2026-01-28T23:37:28","slug":"regulamento-interno","status":"publish","type":"page","link":"http:\/\/www.aemc.pt\/portal\/index.php\/regulamento-interno\/","title":{"rendered":"Regulamento Interno"},"content":{"rendered":"\n<blockquote class=\"wp-block-quote is-layout-flow wp-block-quote-is-layout-flow\">\n<p>A responsabiliza\u00e7\u00e3o dos v\u00e1rios intervenientes na vida escolar e a adequa\u00e7\u00e3o \u00e0s caracter\u00edsticas e recursos do agrupamento t\u00eam como pressuposto a consolida\u00e7\u00e3o de princ\u00edpios e valores democr\u00e1ticos que, atrav\u00e9s duma reflex\u00e3o cr\u00edtica e criativa, contribuam para uma cidadania respons\u00e1vel e participativa e para uma aproxima\u00e7\u00e3o \u00e0 comunidade em que o agrupamento se insere,<\/p>\n<\/blockquote>\n\n\n\n<p>Atendendo a que todas as organiza\u00e7\u00f5es necessitam de regras que n\u00e3o dever\u00e3o restringir a sua liberdade de a\u00e7\u00e3o ou t\u00e3o-pouco empobrec\u00ea-las, mas sim torn\u00e1-las mais din\u00e2micas e atuantes, delimitando obriga\u00e7\u00f5es e direitos, de modo a que todos os que delas fazem parte possam ser defendidos e respeitados, o presente regulamento interno visa estabelecer normas internas de atua\u00e7\u00e3o que unifiquem os procedimentos nos diferentes estabelecimentos de Ensino\/Educa\u00e7\u00e3o do Agrupamento e que sirvam de guia de atua\u00e7\u00e3o para alunos, pais e encarregados de educa\u00e7\u00e3o, pessoal docente e n\u00e3o docente, \u00f3rg\u00e3o de dire\u00e7\u00e3o, de administra\u00e7\u00e3o e de gest\u00e3o escolar.<\/p>\n\n\n\n<p><i class=\"far fa-file-pdf\"><\/i><a href=\"http:\/\/www.aemc.pt\/portal\/wp-content\/uploads\/2026\/01\/Regulamento_Interno_AEMC_aprovadoem26dejaneirode2026.pdf\" target=\"_blank\" rel=\"noopener no referrer noreferrer\"> Regulamento Interno (aprovado a 26 janeiro 2026 &#8211; em vigor) <\/a><i class=><img loading=\"lazy\" decoding=\"async\" class=\"alignnone size-full wp-image-617\" src=\"http:\/\/www.aemc.pt\/portal\/wp-content\/uploads\/2020\/06\/novo.gif\" alt=\"\" width=\"32\" height=\"12\"><\/i><\/p>\n\n\n\n<br><br>\n\n\n\n<hr class=\"wp-block-separator has-alpha-channel-opacity\"\/>\n\n\n\n<p><i class=\"far fa-file-pdf\"><\/i><a href=\"http:\/\/www.aemc.pt\/portal\/wp-content\/uploads\/2023\/10\/Regulamento-interno-27-julho-de-2023-V5.pdf\" target=\"_blank\" rel=\"noopener no referrer noreferrer\"> Regulamento Interno (aprovado a 27 julho 2023 &#8211; revogado) <\/a><\/p>\n\n\n\n<p><i class=\"far fa-file-pdf\"><\/i><a href=\"http:\/\/www.aemc.pt\/portal\/wp-content\/uploads\/2019\/03\/Regulamento-interno-aprovado-a-28-de-novembro-2018.pdf\" target=\"_blank\" rel=\"noopener no referrer noreferrer\"> Regulamento Interno (aprovado a 28 novembro 2018 &#8211; revogado) <\/a><\/p>\n\n\n\n<br><br><br><br><br><br>\n","protected":false},"excerpt":{"rendered":"<p>A responsabiliza\u00e7\u00e3o dos v\u00e1rios intervenientes na vida escolar e a adequa\u00e7\u00e3o \u00e0s caracter\u00edsticas e recursos do agrupamento t\u00eam como pressuposto<\/p>\n","protected":false},"author":1,"featured_media":1152,"parent":0,"menu_order":0,"comment_status":"closed","ping_status":"closed","template":"","meta":{"colormag_page_container_layout":"no_sidebar_full_width","colormag_page_sidebar_layout":"no_sidebar","ngg_post_thumbnail":0,"iawp_total_views":332,"footnotes":"","_links_to":"","_links_to_target":""},"class_list":["post-787","page","type-page","status-publish","has-post-thumbnail","hentry"],"_links":{"self":[{"href":"http:\/\/www.aemc.pt\/portal\/index.php\/wp-json\/wp\/v2\/pages\/787","targetHints":{"allow":["GET"]}}],"collection":[{"href":"http:\/\/www.aemc.pt\/portal\/index.php\/wp-json\/wp\/v2\/pages"}],"about":[{"href":"http:\/\/www.aemc.pt\/portal\/index.php\/wp-json\/wp\/v2\/types\/page"}],"author":[{"embeddable":true,"href":"http:\/\/www.aemc.pt\/portal\/index.php\/wp-json\/wp\/v2\/users\/1"}],"replies":[{"embeddable":true,"href":"http:\/\/www.aemc.pt\/portal\/index.php\/wp-json\/wp\/v2\/comments?post=787"}],"version-history":[{"count":12,"href":"http:\/\/www.aemc.pt\/portal\/index.php\/wp-json\/wp\/v2\/pages\/787\/revisions"}],"predecessor-version":[{"id":8739,"href":"http:\/\/www.aemc.pt\/portal\/index.php\/wp-json\/wp\/v2\/pages\/787\/revisions\/8739"}],"wp:featuredmedia":[{"embeddable":true,"href":"http:\/\/www.aemc.pt\/portal\/index.php\/wp-json\/wp\/v2\/media\/1152"}],"wp:attachment":[{"href":"http:\/\/www.aemc.pt\/portal\/index.php\/wp-json\/wp\/v2\/media?parent=787"}],"curies":[{"name":"wp","href":"https:\/\/api.w.org\/{rel}","templated":true}]}}

<blockquote class="wp-block-quote is-layout-flow wp-block-quote-is-layout-flow">
<p>A responsabilização dos vários intervenientes na vida escolar e a adequação às características e recursos do agrupamento têm como pressuposto a consolidação de princípios e valores democráticos que, através duma reflexão crítica e criativa, contribuam para uma cidadania responsável e participativa e para uma aproximação à comunidade em que o agrupamento se insere,</p>
</blockquote>



<p>Atendendo a que todas as organizações necessitam de regras que não deverão restringir a sua liberdade de ação ou tão-pouco empobrecê-las, mas sim torná-las mais dinâmicas e atuantes, delimitando obrigações e direitos, de modo a que todos os que delas fazem parte possam ser defendidos e respeitados, o presente regulamento interno visa estabelecer normas internas de atuação que unifiquem os procedimentos nos diferentes estabelecimentos de Ensino/Educação do Agrupamento e que sirvam de guia de atuação para alunos, pais e encarregados de educação, pessoal docente e não docente, órgão de direção, de administração e de gestão escolar.</p>



<p><i class="far fa-file-pdf"></i><a href="http://www.aemc.pt/portal/wp-content/uploads/2026/01/Regulamento_Interno_AEMC_aprovadoem26dejaneirode2026.pdf" target="_blank" rel="noopener no referrer noreferrer"> Regulamento Interno (aprovado a 26 janeiro 2026 &#8211; em vigor) </a><i class=><img loading="lazy" decoding="async" class="alignnone size-full wp-image-617" src="http://www.aemc.pt/portal/wp-content/uploads/2020/06/novo.gif" alt="" width="32" height="12"></i></p>



<br><br>



<hr class="wp-block-separator has-alpha-channel-opacity"/>



<p><i class="far fa-file-pdf"></i><a href="http://www.aemc.pt/portal/wp-content/uploads/2023/10/Regulamento-interno-27-julho-de-2023-V5.pdf" target="_blank" rel="noopener no referrer noreferrer"> Regulamento Interno (aprovado a 27 julho 2023 &#8211; revogado) </a></p>



<p><i class="far fa-file-pdf"></i><a href="http://www.aemc.pt/portal/wp-content/uploads/2019/03/Regulamento-interno-aprovado-a-28-de-novembro-2018.pdf" target="_blank" rel="noopener no referrer noreferrer"> Regulamento Interno (aprovado a 28 novembro 2018 &#8211; revogado) </a></p>



<br><br><br><br><br><br>

<p>A responsabilização dos vários intervenientes na vida escolar e a adequação às características e recursos do agrupamento têm como pressuposto</p>
