{"id":792,"date":"2019-03-12T11:58:06","date_gmt":"2019-03-12T11:58:06","guid":{"rendered":"http:\/\/www.aemc.pt\/portal\/?page_id=792"},"modified":"2026-01-29T00:31:37","modified_gmt":"2026-01-28T23:31:37","slug":"projeto-educativo","status":"publish","type":"page","link":"http:\/\/www.aemc.pt\/portal\/index.php\/projeto-educativo\/","title":{"rendered":"Projeto Educativo"},"content":{"rendered":"\n<blockquote class=\"wp-block-quote is-layout-flow wp-block-quote-is-layout-flow\">\n<p>Documento basilar do planeamento da orienta\u00e7\u00e3o educativa do agrupamento, concebido e aprovado pelos seus \u00f3rg\u00e3os de administra\u00e7\u00e3o e de gest\u00e3o, o projeto educativo determina os princ\u00edpios, os valores, as metas e as estrat\u00e9gias a serem alcan\u00e7adas. Configura-se, assim, como um instrumento de inova\u00e7\u00e3o e de mudan\u00e7a, no qual se harmonizam os preceitos da pol\u00edtica educativa nacional e as necessidades reais da comunidade educativa onde o agrupamento se insere, respondendo \u00e0s suas necessidades.<\/p>\n<\/blockquote>\n\n\n\n<p><br>O Projeto Educativo do Agrupamento de Escolas de Macedo de Cavaleiros (AEMC), v\u00e1lido para o quadri\u00e9nio 2025-2029, \u00e9 o documento estrat\u00e9gico que define a identidade institucional, os princ\u00edpios orientadores, as prioridades de interven\u00e7\u00e3o e o quadro de a\u00e7\u00e3o conjunta de toda a comunidade educativa.\u00a0<\/p>\n\n\n\n<p><\/p>\n\n\n\n<p><i class=\"far fa-file-pdf\"><\/i> <a href=\"http:\/\/www.aemc.pt\/portal\/wp-content\/uploads\/2026\/01\/ProjetoEducativoAEMC20252029Aprovado.pdf\" target=\"_blank\" rel=\"noreferrer noopener\">Projeto Educativo 2025.2029<\/a><\/p>\n\n\n\n<br><br>\n\n\n\n<hr class=\"wp-block-separator has-alpha-channel-opacity\"\/>\n\n\n\n<p><i class=\"far fa-file-pdf\"><\/i><a href=\"http:\/\/www.aemc.pt\/portal\/wp-content\/uploads\/2024\/10\/01-Projeto-Educativo-v.2.pdf\" target=\"_blank\" rel=\"noreferrer noopener\"> Projeto Educativo 2021.2024<\/a><\/p>\n\n\n\n<p><i class=\"far fa-file-pdf\"><\/i><a href=\"http:\/\/www.aemc.pt\/portal\/wp-content\/uploads\/2025\/11\/Avaliacao-do-Projeto-Educativo-do-Agrupamento-2025.pdf\" target=\"_blank\" rel=\"noreferrer noopener\"> Avalia\u00e7\u00e3o do Projeto Educativo 2021.2024<\/a><\/p>\n\n\n\n<br><br><br><br><br><br>\n","protected":false},"excerpt":{"rendered":"<p>Documento basilar do planeamento da orienta\u00e7\u00e3o educativa do agrupamento, concebido e aprovado pelos seus \u00f3rg\u00e3os de administra\u00e7\u00e3o e de gest\u00e3o,<\/p>\n","protected":false},"author":1,"featured_media":1151,"parent":0,"menu_order":0,"comment_status":"closed","ping_status":"closed","template":"","meta":{"colormag_page_container_layout":"no_sidebar_full_width","colormag_page_sidebar_layout":"no_sidebar","ngg_post_thumbnail":0,"iawp_total_views":148,"footnotes":"","_links_to":"","_links_to_target":""},"class_list":["post-792","page","type-page","status-publish","has-post-thumbnail","hentry"],"_links":{"self":[{"href":"http:\/\/www.aemc.pt\/portal\/index.php\/wp-json\/wp\/v2\/pages\/792","targetHints":{"allow":["GET"]}}],"collection":[{"href":"http:\/\/www.aemc.pt\/portal\/index.php\/wp-json\/wp\/v2\/pages"}],"about":[{"href":"http:\/\/www.aemc.pt\/portal\/index.php\/wp-json\/wp\/v2\/types\/page"}],"author":[{"embeddable":true,"href":"http:\/\/www.aemc.pt\/portal\/index.php\/wp-json\/wp\/v2\/users\/1"}],"replies":[{"embeddable":true,"href":"http:\/\/www.aemc.pt\/portal\/index.php\/wp-json\/wp\/v2\/comments?post=792"}],"version-history":[{"count":12,"href":"http:\/\/www.aemc.pt\/portal\/index.php\/wp-json\/wp\/v2\/pages\/792\/revisions"}],"predecessor-version":[{"id":8736,"href":"http:\/\/www.aemc.pt\/portal\/index.php\/wp-json\/wp\/v2\/pages\/792\/revisions\/8736"}],"wp:featuredmedia":[{"embeddable":true,"href":"http:\/\/www.aemc.pt\/portal\/index.php\/wp-json\/wp\/v2\/media\/1151"}],"wp:attachment":[{"href":"http:\/\/www.aemc.pt\/portal\/index.php\/wp-json\/wp\/v2\/media?parent=792"}],"curies":[{"name":"wp","href":"https:\/\/api.w.org\/{rel}","templated":true}]}}

<blockquote class="wp-block-quote is-layout-flow wp-block-quote-is-layout-flow">
<p>Documento basilar do planeamento da orientação educativa do agrupamento, concebido e aprovado pelos seus órgãos de administração e de gestão, o projeto educativo determina os princípios, os valores, as metas e as estratégias a serem alcançadas. Configura-se, assim, como um instrumento de inovação e de mudança, no qual se harmonizam os preceitos da política educativa nacional e as necessidades reais da comunidade educativa onde o agrupamento se insere, respondendo às suas necessidades.</p>
</blockquote>



<p><br>O Projeto Educativo do Agrupamento de Escolas de Macedo de Cavaleiros (AEMC), válido para o quadriénio 2025-2029, é o documento estratégico que define a identidade institucional, os princípios orientadores, as prioridades de intervenção e o quadro de ação conjunta de toda a comunidade educativa. </p>



<p></p>



<p><i class="far fa-file-pdf"></i> <a href="http://www.aemc.pt/portal/wp-content/uploads/2026/01/ProjetoEducativoAEMC20252029Aprovado.pdf" target="_blank" rel="noreferrer noopener">Projeto Educativo 2025.2029</a></p>



<br><br>



<hr class="wp-block-separator has-alpha-channel-opacity"/>



<p><i class="far fa-file-pdf"></i><a href="http://www.aemc.pt/portal/wp-content/uploads/2024/10/01-Projeto-Educativo-v.2.pdf" target="_blank" rel="noreferrer noopener"> Projeto Educativo 2021.2024</a></p>



<p><i class="far fa-file-pdf"></i><a href="http://www.aemc.pt/portal/wp-content/uploads/2025/11/Avaliacao-do-Projeto-Educativo-do-Agrupamento-2025.pdf" target="_blank" rel="noreferrer noopener"> Avaliação do Projeto Educativo 2021.2024</a></p>



<br><br><br><br><br><br>

<p>Documento basilar do planeamento da orientação educativa do agrupamento, concebido e aprovado pelos seus órgãos de administração e de gestão,</p>
