{"id":795,"date":"2019-03-12T12:07:22","date_gmt":"2019-03-12T12:07:22","guid":{"rendered":"http:\/\/www.aemc.pt\/portal\/?page_id=795"},"modified":"2025-07-22T19:45:24","modified_gmt":"2025-07-22T18:45:24","slug":"projeto-de-intervencao-do-diretor","status":"publish","type":"page","link":"http:\/\/www.aemc.pt\/portal\/index.php\/projeto-de-intervencao-do-diretor\/","title":{"rendered":"Projeto de Interven\u00e7\u00e3o do Diretor"},"content":{"rendered":"\n<blockquote class=\"wp-block-quote is-layout-flow wp-block-quote-is-layout-flow\">\n<p>Este projeto de interven\u00e7\u00e3o, al\u00e9m de ser um projeto individual, pretende ser um projeto coletivo, que envolva e responsabilize todos os elementos da comunidade educativa, tendo em vista uma escola de sucesso, flex\u00edvel, inclusiva e equitativa procurando superar-se constantemente.<\/p>\n<\/blockquote>\n\n\n\n<p>O presente Projeto de Interven\u00e7\u00e3o para o Agrupamento de Escolas de Macedo de Cavaleiros (AEMC) reflete uma an\u00e1lise ponderada das suas din\u00e2micas, desafios e potencialidades, alicer\u00e7ada na minha experi\u00eancia profissional e numa vis\u00e3o de lideran\u00e7a colaborativa e centrada no sucesso de cada aluno. <\/p>\n\n\n\n<p>Ao longo deste documento, procurei identificar \u00e1reas cruciais de interven\u00e7\u00e3o &#8211; promo\u00e7\u00e3o do sucesso educativo, integra\u00e7\u00e3o, inclus\u00e3o e multiculturalidade, empreendedorismo e criatividade, combate \u00e0 viol\u00eancia e \u00e0 indisciplina &#8211; propondo objetivos e estrat\u00e9gias concretas para alcan\u00e7ar uma escola mais equitativa, inovadora e promotora do bem-estar de toda a comunidade educativa.<\/p>\n\n\n\n<p>Acreditando no poder transformador da educa\u00e7\u00e3o e no potencial \u00fanico de cada membro desta comunidade, apresento este projeto com a convic\u00e7\u00e3o de que juntos podemos construir um futuro ainda mais promissor para o Agrupamento de Escolas de Macedo de Cavaleiros.<\/p>\n\n\n\n<p>&nbsp;<\/p>\n<p><i class=\"far fa-file-pdf\"><\/i><a href=\"http:\/\/www.aemc.pt\/portal\/wp-content\/uploads\/2025\/07\/Projeto-de-Intervencao_web.pdf\" target=\"_blank\" rel=\"noopener noreferrer\"> Projeto de Interven\u00e7\u00e3o do Diretor<\/a><\/p>\n<p>&nbsp;<\/p>\n\n\n\n<br><br><br><br><br><br>\n","protected":false},"excerpt":{"rendered":"<p>Este projeto de interven\u00e7\u00e3o, al\u00e9m de ser um projeto individual, pretende ser um projeto coletivo, que envolva e responsabilize todos<\/p>\n","protected":false},"author":1,"featured_media":0,"parent":0,"menu_order":0,"comment_status":"closed","ping_status":"closed","template":"","meta":{"colormag_page_container_layout":"no_sidebar_full_width","colormag_page_sidebar_layout":"no_sidebar","ngg_post_thumbnail":0,"iawp_total_views":137,"footnotes":"","_links_to":"","_links_to_target":""},"class_list":["post-795","page","type-page","status-publish","hentry"],"_links":{"self":[{"href":"http:\/\/www.aemc.pt\/portal\/index.php\/wp-json\/wp\/v2\/pages\/795","targetHints":{"allow":["GET"]}}],"collection":[{"href":"http:\/\/www.aemc.pt\/portal\/index.php\/wp-json\/wp\/v2\/pages"}],"about":[{"href":"http:\/\/www.aemc.pt\/portal\/index.php\/wp-json\/wp\/v2\/types\/page"}],"author":[{"embeddable":true,"href":"http:\/\/www.aemc.pt\/portal\/index.php\/wp-json\/wp\/v2\/users\/1"}],"replies":[{"embeddable":true,"href":"http:\/\/www.aemc.pt\/portal\/index.php\/wp-json\/wp\/v2\/comments?post=795"}],"version-history":[{"count":9,"href":"http:\/\/www.aemc.pt\/portal\/index.php\/wp-json\/wp\/v2\/pages\/795\/revisions"}],"predecessor-version":[{"id":8261,"href":"http:\/\/www.aemc.pt\/portal\/index.php\/wp-json\/wp\/v2\/pages\/795\/revisions\/8261"}],"wp:attachment":[{"href":"http:\/\/www.aemc.pt\/portal\/index.php\/wp-json\/wp\/v2\/media?parent=795"}],"curies":[{"name":"wp","href":"https:\/\/api.w.org\/{rel}","templated":true}]}}

Projeto de Intervenção do Diretor

<blockquote class="wp-block-quote is-layout-flow wp-block-quote-is-layout-flow">
<p>Este projeto de intervenção, além de ser um projeto individual, pretende ser um projeto coletivo, que envolva e responsabilize todos os elementos da comunidade educativa, tendo em vista uma escola de sucesso, flexível, inclusiva e equitativa procurando superar-se constantemente.</p>
</blockquote>



<p>O presente Projeto de Intervenção para o Agrupamento de Escolas de Macedo de Cavaleiros (AEMC) reflete uma análise ponderada das suas dinâmicas, desafios e potencialidades, alicerçada na minha experiência profissional e numa visão de liderança colaborativa e centrada no sucesso de cada aluno. </p>



<p>Ao longo deste documento, procurei identificar áreas cruciais de intervenção &#8211; promoção do sucesso educativo, integração, inclusão e multiculturalidade, empreendedorismo e criatividade, combate à violência e à indisciplina &#8211; propondo objetivos e estratégias concretas para alcançar uma escola mais equitativa, inovadora e promotora do bem-estar de toda a comunidade educativa.</p>



<p>Acreditando no poder transformador da educação e no potencial único de cada membro desta comunidade, apresento este projeto com a convicção de que juntos podemos construir um futuro ainda mais promissor para o Agrupamento de Escolas de Macedo de Cavaleiros.</p>



<p>&nbsp;</p>
<p><i class="far fa-file-pdf"></i><a href="http://www.aemc.pt/portal/wp-content/uploads/2025/07/Projeto-de-Intervencao_web.pdf" target="_blank" rel="noopener noreferrer"> Projeto de Intervenção do Diretor</a></p>
<p>&nbsp;</p>



<br><br><br><br><br><br>

<p>Este projeto de intervenção, além de ser um projeto individual, pretende ser um projeto coletivo, que envolva e responsabilize todos</p>
