{"id":811,"date":"2019-03-12T15:14:20","date_gmt":"2019-03-12T15:14:20","guid":{"rendered":"http:\/\/www.aemc.pt\/portal\/?page_id=811"},"modified":"2019-03-12T17:21:40","modified_gmt":"2019-03-12T17:21:40","slug":"agrupamento","status":"publish","type":"page","link":"http:\/\/www.aemc.pt\/portal\/index.php\/agrupamento\/","title":{"rendered":"O Agrupamento"},"content":{"rendered":"<blockquote><p><strong>AGRUPAMENTO DE ESCOLAS DE MACEDO DE CAVALEIROS<\/strong><\/p><\/blockquote>\n<p>Evolu\u00e7\u00f5es v\u00e1rias e roturas profundas decorrentes de diferentes pol\u00edticas educativas antecederam a cria\u00e7\u00e3o do Agrupamento de Escolas de Macedo de Cavaleiros (AEMC). Este, foi criado em 2007 e resulta da agrega\u00e7\u00e3o da Escola Secund\u00e1ria de Macedo de Cavaleiros e o Agrupamento Vertical de Escolas de Macedo de Cavaleiros.<\/p>\n<p>O Agrupamento constitui uma unidade org\u00e2nica de ensino, pertencente \u00e0 rede p\u00fablica do Minist\u00e9rio de Educa\u00e7\u00e3o e tem sede na Escola B\u00e1sica e Secund\u00e1ria de Macedo de Cavaleiros. Est\u00e1 situado na cidade e sede de concelho de Macedo de Cavaleiros, distrito de Bragan\u00e7a.<\/p>\n<p>Atualmente, este Agrupamento contempla todos os n\u00edveis de ensino e engloba tr\u00eas Jardins de Inf\u00e2ncia, duas EB1\/JI, uma Escola B\u00e1sica e a Escola B\u00e1sica e Secund\u00e1ria (sede do Agrupamento).<\/p>\n<p>\u00c9 um agrupamento com curr\u00edculos diversificados e pluralidade de ofertas formativas vocacionado para dar resposta \u00e0s necessidades da Comunidade.<\/p>\n<p>&nbsp;<\/p>\n<blockquote><p><strong><strong>MISS\u00c3O<\/strong><\/strong><\/p><\/blockquote>\n<p>Gerir e gerar recursos com vista \u00e0 forma\u00e7\u00e3o de cidad\u00e3os completos, \u00edntegros e capazes enquanto agentes criativos, inovadores, empreendedores, bem como eticamente respons\u00e1veis na utiliza\u00e7\u00e3o da liberdade comum.<\/p>\n<p>&nbsp;<\/p>\n<blockquote><p><strong>META<\/strong><\/p><\/blockquote>\n<p>\u201cAssegurar uma escola de qualidade inclusiva\u201d<\/p>\n","protected":false},"excerpt":{"rendered":"<p>AGRUPAMENTO DE ESCOLAS DE MACEDO DE CAVALEIROS Evolu\u00e7\u00f5es v\u00e1rias e roturas profundas decorrentes de diferentes pol\u00edticas educativas antecederam a cria\u00e7\u00e3o<\/p>\n","protected":false},"author":1,"featured_media":819,"parent":0,"menu_order":0,"comment_status":"closed","ping_status":"closed","template":"","meta":{"colormag_page_container_layout":"default_layout","colormag_page_sidebar_layout":"default_layout","ngg_post_thumbnail":0,"iawp_total_views":659,"footnotes":"","_links_to":"","_links_to_target":""},"class_list":["post-811","page","type-page","status-publish","has-post-thumbnail","hentry"],"_links":{"self":[{"href":"http:\/\/www.aemc.pt\/portal\/index.php\/wp-json\/wp\/v2\/pages\/811","targetHints":{"allow":["GET"]}}],"collection":[{"href":"http:\/\/www.aemc.pt\/portal\/index.php\/wp-json\/wp\/v2\/pages"}],"about":[{"href":"http:\/\/www.aemc.pt\/portal\/index.php\/wp-json\/wp\/v2\/types\/page"}],"author":[{"embeddable":true,"href":"http:\/\/www.aemc.pt\/portal\/index.php\/wp-json\/wp\/v2\/users\/1"}],"replies":[{"embeddable":true,"href":"http:\/\/www.aemc.pt\/portal\/index.php\/wp-json\/wp\/v2\/comments?post=811"}],"version-history":[{"count":6,"href":"http:\/\/www.aemc.pt\/portal\/index.php\/wp-json\/wp\/v2\/pages\/811\/revisions"}],"predecessor-version":[{"id":818,"href":"http:\/\/www.aemc.pt\/portal\/index.php\/wp-json\/wp\/v2\/pages\/811\/revisions\/818"}],"wp:featuredmedia":[{"embeddable":true,"href":"http:\/\/www.aemc.pt\/portal\/index.php\/wp-json\/wp\/v2\/media\/819"}],"wp:attachment":[{"href":"http:\/\/www.aemc.pt\/portal\/index.php\/wp-json\/wp\/v2\/media?parent=811"}],"curies":[{"name":"wp","href":"https:\/\/api.w.org\/{rel}","templated":true}]}}

<blockquote><p><strong>AGRUPAMENTO DE ESCOLAS DE MACEDO DE CAVALEIROS</strong></p></blockquote>
<p>Evoluções várias e roturas profundas decorrentes de diferentes políticas educativas antecederam a criação do Agrupamento de Escolas de Macedo de Cavaleiros (AEMC). Este, foi criado em 2007 e resulta da agregação da Escola Secundária de Macedo de Cavaleiros e o Agrupamento Vertical de Escolas de Macedo de Cavaleiros.</p>
<p>O Agrupamento constitui uma unidade orgânica de ensino, pertencente à rede pública do Ministério de Educação e tem sede na Escola Básica e Secundária de Macedo de Cavaleiros. Está situado na cidade e sede de concelho de Macedo de Cavaleiros, distrito de Bragança.</p>
<p>Atualmente, este Agrupamento contempla todos os níveis de ensino e engloba três Jardins de Infância, duas EB1/JI, uma Escola Básica e a Escola Básica e Secundária (sede do Agrupamento).</p>
<p>É um agrupamento com currículos diversificados e pluralidade de ofertas formativas vocacionado para dar resposta às necessidades da Comunidade.</p>
<p>&nbsp;</p>
<blockquote><p><strong><strong>MISSÃO</strong></strong></p></blockquote>
<p>Gerir e gerar recursos com vista à formação de cidadãos completos, íntegros e capazes enquanto agentes criativos, inovadores, empreendedores, bem como eticamente responsáveis na utilização da liberdade comum.</p>
<p>&nbsp;</p>
<blockquote><p><strong>META</strong></p></blockquote>
<p>“Assegurar uma escola de qualidade inclusiva”</p>

<p>AGRUPAMENTO DE ESCOLAS DE MACEDO DE CAVALEIROS Evoluções várias e roturas profundas decorrentes de diferentes políticas educativas antecederam a criação</p>
