{"id":831,"date":"2019-03-12T16:00:35","date_gmt":"2019-03-12T16:00:35","guid":{"rendered":"http:\/\/www.aemc.pt\/portal\/?page_id=831"},"modified":"2025-11-25T16:49:49","modified_gmt":"2025-11-25T15:49:49","slug":"plano-anual-de-atividades","status":"publish","type":"page","link":"http:\/\/www.aemc.pt\/portal\/index.php\/plano-anual-de-atividades\/","title":{"rendered":"Plano Anual de Atividades"},"content":{"rendered":"\n<blockquote class=\"wp-block-quote is-layout-flow wp-block-quote-is-layout-flow\">\n<p>O Plano Anual de Atividades (PAA) \u00e9 um documento de planeamento, que define, em fun\u00e7\u00e3o do Projeto Educativo (PE), os objetivos, as formas de organiza\u00e7\u00e3o e de programa\u00e7\u00e3o das atividades e que procede \u00e0 identifica\u00e7\u00e3o dos recursos necess\u00e1rios \u00e0 sua execu\u00e7\u00e3o.<\/p>\n<\/blockquote>\n\n\n\n<figure class=\"wp-block-image size-full\"><img loading=\"lazy\" decoding=\"async\" width=\"1400\" height=\"600\" src=\"https:\/\/www.aemc.pt\/portal\/wp-content\/uploads\/2024\/05\/planoAtividades_2-1.jpg\" alt=\"\" class=\"wp-image-6854\" srcset=\"http:\/\/www.aemc.pt\/portal\/wp-content\/uploads\/2024\/05\/planoAtividades_2-1.jpg 1400w, http:\/\/www.aemc.pt\/portal\/wp-content\/uploads\/2024\/05\/planoAtividades_2-1-300x129.jpg 300w, http:\/\/www.aemc.pt\/portal\/wp-content\/uploads\/2024\/05\/planoAtividades_2-1-768x329.jpg 768w, http:\/\/www.aemc.pt\/portal\/wp-content\/uploads\/2024\/05\/planoAtividades_2-1-1024x439.jpg 1024w\" sizes=\"auto, (max-width: 1400px) 100vw, 1400px\" \/><\/figure>\n\n\n\n<p>Com base no princ\u00edpio do contributo do PAA para a consecu\u00e7\u00e3o dos objetivos e metas enunciados no PE do Agrupamento de Escolas de Macedo de Cavaleiros, as diferentes estruturas desta institui\u00e7\u00e3o foram envolvidas na din\u00e2mica necess\u00e1ria \u00e0 elabora\u00e7\u00e3o do presente documento.<\/p>\n\n\n\n<p>Ano ap\u00f3s ano, continuamos a acreditar que palavra envolvimento \u00e9 a chave para o sucesso do PAA: envolvimento no momento da defini\u00e7\u00e3o das estrat\u00e9gias\/atividades, envolvimento na planifica\u00e7\u00e3o, envolvimento dos destinat\u00e1rios, envolvimento na reflex\u00e3o sobre os resultados atingidos, envolvimento do Agrupamento numa din\u00e2mica de prolifera\u00e7\u00e3o de uma cultura de escola que se pretende participativa, proporcionando aos seus alunos uma forma\u00e7\u00e3o abrangente, de acordo com os desafios e as compet\u00eancias do s\u00e9culo XXI.<\/p>\n\n\n\n<p><strong>Planos Anuais de Atividades em execu\u00e7\u00e3o (sujeito a altera\u00e7\u00f5es):<\/strong><\/p>\n\n\n\n<p><a href=\"http:\/\/www.aemc.pt\/portal\/wp-content\/uploads\/2025\/11\/PAA_2025.5_SITE.pdf\" target=\"_blank\" rel=\"noreferrer noopener\"><i class=\"far fa-file-pdf\"><\/i> Plano Anual de Atividades 2025\/2026<\/a><\/p>\n\n\n\n<br><br>\n\n\n\n<p>Planos Anuais de Atividades j\u00e1 concretizados:<\/p>\n\n\n\n<br>\n\n\n\n<p><i class=\"far fa-file-pdf\"><\/i><a href=\"http:\/\/www.aemc.pt\/portal\/wp-content\/uploads\/2025\/11\/PAA_2024-total-crnologico.pdf\" target=\"_blank\" rel=\"noreferrer noopener\"> Plano Anual de Atividades 2024\/2025<\/a><\/p>\n\n\n\n<p><i class=\"far fa-file-pdf\"><\/i><a href=\"http:\/\/www.aemc.pt\/portal\/wp-content\/uploads\/2024\/05\/PAA_Relatorio-de-Avaliacao_2022_2023.pdf\" target=\"_blank\" rel=\"noreferrer noopener\"> Relat\u00f3rio de Avalia\u00e7\u00e3o do Plano Anual de Atividades 2024\/2025<\/a><\/p>\n\n\n\n<hr class=\"wp-block-separator has-alpha-channel-opacity\"\/>\n\n\n\n<p><i class=\"far fa-file-pdf\"><\/i><a href=\"http:\/\/www.aemc.pt\/portal\/wp-content\/uploads\/2024\/05\/PAA_2023_24.pdf\" target=\"_blank\" rel=\"noreferrer noopener\"> Plano Anual de Atividades 2023\/2024<\/a> <\/p>\n\n\n\n<p><i class=\"far fa-file-pdf\"><\/i><a href=\"http:\/\/www.aemc.pt\/portal\/wp-content\/uploads\/2024\/05\/PAA_Relatorio-de-Avaliacao_2022_2023.pdf\" target=\"_blank\" rel=\"noreferrer noopener\"> Relat\u00f3rio de Avalia\u00e7\u00e3o do Plano Anual de Atividades 2023\/2024<\/a><\/p>\n\n\n\n<hr class=\"wp-block-separator has-alpha-channel-opacity\"\/>\n\n\n\n<p><i class=\"far fa-file-pdf\"><\/i><a href=\"http:\/\/www.aemc.pt\/portal\/wp-content\/uploads\/2024\/05\/PAA_2022_23.pdf\" target=\"_blank\" rel=\"noreferrer noopener\"> Plano Anual de Atividades 2022\/2023<\/a><\/p>\n\n\n\n<p><i class=\"far fa-file-pdf\"><\/i><a rel=\"noreferrer noopener\" href=\"http:\/\/www.aemc.pt\/portal\/wp-content\/uploads\/2024\/05\/PAA_Relatorio-de-Avaliacao_2022_2023.pdf\" target=\"_blank\"> Relat\u00f3rio de Avalia\u00e7\u00e3o do Plano Anual de Atividades 2022\/2023<\/a><\/p>\n\n\n\n<br>\n\n\n\n<hr class=\"wp-block-separator has-alpha-channel-opacity\"\/>\n\n\n\n<p><i class=\"far fa-file-pdf\"><\/i><a href=\"http:\/\/www.aemc.pt\/portal\/wp-content\/uploads\/2023\/01\/PAA_2021.pdf\" target=\"_blank\" rel=\"noreferrer noopener\"> Plano Anual de Atividades 2021\/2022<\/a><\/p>\n\n\n\n<p><i class=\"far fa-file-pdf\"><\/i><a rel=\"noreferrer noopener\" href=\"http:\/\/www.aemc.pt\/portal\/wp-content\/uploads\/2024\/05\/PAA_Relatorio-de-avaliacao_2021_2022.pdf\" target=\"_blank\"> Relat\u00f3rio de Avalia\u00e7\u00e3o do Plano Anual de Atividades 2021\/2022<\/a><\/p>\n\n\n\n<br>\n\n\n\n<hr class=\"wp-block-separator has-alpha-channel-opacity\"\/>\n\n\n\n<p><i class=\"far fa-file-pdf\"><\/i><a rel=\"noreferrer noopener\" href=\"http:\/\/www.aemc.pt\/portal\/wp-content\/uploads\/2021\/10\/PAA_2020.pdf\" target=\"_blank\"> Plano Anual de Atividades 2020\/2021<\/a><\/p>\n\n\n\n<p><i class=\"far fa-file-pdf\"><\/i><a href=\"http:\/\/www.aemc.pt\/portal\/wp-content\/uploads\/2024\/05\/PAA_Relatorio-de-Avaliacao_2020_2021.pdf\" target=\"_blank\" rel=\"noreferrer noopener\"> Relat\u00f3rio de Avalia\u00e7\u00e3o do Plano Anual de Atividades 2020\/2021<\/a><\/p>\n\n\n\n<br>\n\n\n\n<hr class=\"wp-block-separator has-alpha-channel-opacity\"\/>\n\n\n\n<p><i class=\"far fa-file-pdf\"><\/i><a rel=\"noopener noreferrer\" href=\"http:\/\/www.aemc.pt\/portal\/wp-content\/uploads\/2019\/03\/PAA-2018.pdf\" target=\"_blank\"> Plano Anual de Atividades 2019\/2020<\/a><\/p>\n\n\n\n<br>\n\n\n\n<p><i class=\"far fa-file-pdf\"><\/i><a href=\"http:\/\/www.aemc.pt\/portal\/wp-content\/uploads\/2019\/03\/PAA-2018.pdf\" target=\"_blank\" rel=\"noopener noreferrer\"> Plano Anual de Atividades 2018\/2019<\/a><\/p>\n\n\n\n<br><br><br><br><br><br>\n\n\n\n<p><\/p>\n","protected":false},"excerpt":{"rendered":"<p>O Plano Anual de Atividades (PAA) \u00e9 um documento de planeamento, que define, em fun\u00e7\u00e3o do Projeto Educativo (PE), os<\/p>\n","protected":false},"author":1,"featured_media":0,"parent":0,"menu_order":0,"comment_status":"closed","ping_status":"closed","template":"","meta":{"colormag_page_container_layout":"no_sidebar_full_width","colormag_page_sidebar_layout":"no_sidebar","ngg_post_thumbnail":0,"iawp_total_views":489,"footnotes":"","_links_to":"","_links_to_target":""},"class_list":["post-831","page","type-page","status-publish","hentry"],"_links":{"self":[{"href":"http:\/\/www.aemc.pt\/portal\/index.php\/wp-json\/wp\/v2\/pages\/831","targetHints":{"allow":["GET"]}}],"collection":[{"href":"http:\/\/www.aemc.pt\/portal\/index.php\/wp-json\/wp\/v2\/pages"}],"about":[{"href":"http:\/\/www.aemc.pt\/portal\/index.php\/wp-json\/wp\/v2\/types\/page"}],"author":[{"embeddable":true,"href":"http:\/\/www.aemc.pt\/portal\/index.php\/wp-json\/wp\/v2\/users\/1"}],"replies":[{"embeddable":true,"href":"http:\/\/www.aemc.pt\/portal\/index.php\/wp-json\/wp\/v2\/comments?post=831"}],"version-history":[{"count":27,"href":"http:\/\/www.aemc.pt\/portal\/index.php\/wp-json\/wp\/v2\/pages\/831\/revisions"}],"predecessor-version":[{"id":8587,"href":"http:\/\/www.aemc.pt\/portal\/index.php\/wp-json\/wp\/v2\/pages\/831\/revisions\/8587"}],"wp:attachment":[{"href":"http:\/\/www.aemc.pt\/portal\/index.php\/wp-json\/wp\/v2\/media?parent=831"}],"curies":[{"name":"wp","href":"https:\/\/api.w.org\/{rel}","templated":true}]}}

<blockquote class="wp-block-quote is-layout-flow wp-block-quote-is-layout-flow">
<p>O Plano Anual de Atividades (PAA) é um documento de planeamento, que define, em função do Projeto Educativo (PE), os objetivos, as formas de organização e de programação das atividades e que procede à identificação dos recursos necessários à sua execução.</p>
</blockquote>



<figure class="wp-block-image size-full"><img loading="lazy" decoding="async" width="1400" height="600" src="https://www.aemc.pt/portal/wp-content/uploads/2024/05/planoAtividades_2-1.jpg" alt="" class="wp-image-6854" srcset="http://www.aemc.pt/portal/wp-content/uploads/2024/05/planoAtividades_2-1.jpg 1400w, http://www.aemc.pt/portal/wp-content/uploads/2024/05/planoAtividades_2-1-300x129.jpg 300w, http://www.aemc.pt/portal/wp-content/uploads/2024/05/planoAtividades_2-1-768x329.jpg 768w, http://www.aemc.pt/portal/wp-content/uploads/2024/05/planoAtividades_2-1-1024x439.jpg 1024w" sizes="auto, (max-width: 1400px) 100vw, 1400px" /></figure>



<p>Com base no princípio do contributo do PAA para a consecução dos objetivos e metas enunciados no PE do Agrupamento de Escolas de Macedo de Cavaleiros, as diferentes estruturas desta instituição foram envolvidas na dinâmica necessária à elaboração do presente documento.</p>



<p>Ano após ano, continuamos a acreditar que palavra envolvimento é a chave para o sucesso do PAA: envolvimento no momento da definição das estratégias/atividades, envolvimento na planificação, envolvimento dos destinatários, envolvimento na reflexão sobre os resultados atingidos, envolvimento do Agrupamento numa dinâmica de proliferação de uma cultura de escola que se pretende participativa, proporcionando aos seus alunos uma formação abrangente, de acordo com os desafios e as competências do século XXI.</p>



<p><strong>Planos Anuais de Atividades em execução (sujeito a alterações):</strong></p>



<p><a href="http://www.aemc.pt/portal/wp-content/uploads/2025/11/PAA_2025.5_SITE.pdf" target="_blank" rel="noreferrer noopener"><i class="far fa-file-pdf"></i> Plano Anual de Atividades 2025/2026</a></p>



<br><br>



<p>Planos Anuais de Atividades já concretizados:</p>



<br>



<p><i class="far fa-file-pdf"></i><a href="http://www.aemc.pt/portal/wp-content/uploads/2025/11/PAA_2024-total-crnologico.pdf" target="_blank" rel="noreferrer noopener"> Plano Anual de Atividades 2024/2025</a></p>



<p><i class="far fa-file-pdf"></i><a href="http://www.aemc.pt/portal/wp-content/uploads/2024/05/PAA_Relatorio-de-Avaliacao_2022_2023.pdf" target="_blank" rel="noreferrer noopener"> Relatório de Avaliação do Plano Anual de Atividades 2024/2025</a></p>



<hr class="wp-block-separator has-alpha-channel-opacity"/>



<p><i class="far fa-file-pdf"></i><a href="http://www.aemc.pt/portal/wp-content/uploads/2024/05/PAA_2023_24.pdf" target="_blank" rel="noreferrer noopener"> Plano Anual de Atividades 2023/2024</a> </p>



<p><i class="far fa-file-pdf"></i><a href="http://www.aemc.pt/portal/wp-content/uploads/2024/05/PAA_Relatorio-de-Avaliacao_2022_2023.pdf" target="_blank" rel="noreferrer noopener"> Relatório de Avaliação do Plano Anual de Atividades 2023/2024</a></p>



<hr class="wp-block-separator has-alpha-channel-opacity"/>



<p><i class="far fa-file-pdf"></i><a href="http://www.aemc.pt/portal/wp-content/uploads/2024/05/PAA_2022_23.pdf" target="_blank" rel="noreferrer noopener"> Plano Anual de Atividades 2022/2023</a></p>



<p><i class="far fa-file-pdf"></i><a rel="noreferrer noopener" href="http://www.aemc.pt/portal/wp-content/uploads/2024/05/PAA_Relatorio-de-Avaliacao_2022_2023.pdf" target="_blank"> Relatório de Avaliação do Plano Anual de Atividades 2022/2023</a></p>



<br>



<hr class="wp-block-separator has-alpha-channel-opacity"/>



<p><i class="far fa-file-pdf"></i><a href="http://www.aemc.pt/portal/wp-content/uploads/2023/01/PAA_2021.pdf" target="_blank" rel="noreferrer noopener"> Plano Anual de Atividades 2021/2022</a></p>



<p><i class="far fa-file-pdf"></i><a rel="noreferrer noopener" href="http://www.aemc.pt/portal/wp-content/uploads/2024/05/PAA_Relatorio-de-avaliacao_2021_2022.pdf" target="_blank"> Relatório de Avaliação do Plano Anual de Atividades 2021/2022</a></p>



<br>



<hr class="wp-block-separator has-alpha-channel-opacity"/>



<p><i class="far fa-file-pdf"></i><a rel="noreferrer noopener" href="http://www.aemc.pt/portal/wp-content/uploads/2021/10/PAA_2020.pdf" target="_blank"> Plano Anual de Atividades 2020/2021</a></p>



<p><i class="far fa-file-pdf"></i><a href="http://www.aemc.pt/portal/wp-content/uploads/2024/05/PAA_Relatorio-de-Avaliacao_2020_2021.pdf" target="_blank" rel="noreferrer noopener"> Relatório de Avaliação do Plano Anual de Atividades 2020/2021</a></p>



<br>



<hr class="wp-block-separator has-alpha-channel-opacity"/>



<p><i class="far fa-file-pdf"></i><a rel="noopener noreferrer" href="http://www.aemc.pt/portal/wp-content/uploads/2019/03/PAA-2018.pdf" target="_blank"> Plano Anual de Atividades 2019/2020</a></p>



<br>



<p><i class="far fa-file-pdf"></i><a href="http://www.aemc.pt/portal/wp-content/uploads/2019/03/PAA-2018.pdf" target="_blank" rel="noopener noreferrer"> Plano Anual de Atividades 2018/2019</a></p>



<br><br><br><br><br><br>



<p></p>

<p>O Plano Anual de Atividades (PAA) é um documento de planeamento, que define, em função do Projeto Educativo (PE), os</p>
