{"id":1483,"date":"2024-01-09T09:02:52","date_gmt":"2024-01-09T09:02:52","guid":{"rendered":"https:\/\/www.aemc.pt\/biblioteca\/?page_id=1483"},"modified":"2025-01-22T20:57:42","modified_gmt":"2025-01-22T20:57:42","slug":"projetos","status":"publish","type":"page","link":"https:\/\/www.aemc.pt\/biblioteca\/projetos\/","title":{"rendered":"Projetos"},"content":{"rendered":"\t\t<div data-elementor-type=\"wp-page\" data-elementor-id=\"1483\" class=\"elementor elementor-1483\">\n\t\t\t\t<div class=\"elementor-element elementor-element-432fdd4 e-flex e-con-boxed e-con e-parent\" data-id=\"432fdd4\" data-element_type=\"container\" data-e-type=\"container\">\n\t\t\t\t\t<div class=\"e-con-inner\">\n\t\t\t\t<div class=\"elementor-element elementor-element-e35b2f3 elementor-widget elementor-widget-text-editor\" data-id=\"e35b2f3\" data-element_type=\"widget\" data-e-type=\"widget\" data-widget_type=\"text-editor.default\">\n\t\t\t\t<div class=\"elementor-widget-container\">\n\t\t\t\t\t\t\t\t\t<p>Projetos e iniciativas em que a biblioteca participa no presente <br \/>ano letivo.<\/p>\t\t\t\t<style id=\"core-e35b2f3-core-block-supports-inline-css\"><\/style>\t\t\t\t<\/div>\n\t\t\t\t<\/div>\n\t\t\t\t\t<\/div>\n\t\t\t\t<\/div>\n\t\t<div class=\"elementor-element elementor-element-4afb20b e-flex e-con-boxed e-con e-parent\" data-id=\"4afb20b\" data-element_type=\"container\" data-e-type=\"container\">\n\t\t\t\t\t<div class=\"e-con-inner\">\n\t\t<div class=\"elementor-element elementor-element-c103001 e-con-full e-flex elementor-invisible e-con e-child\" data-id=\"c103001\" data-element_type=\"container\" data-e-type=\"container\" data-settings=\"{&quot;background_background&quot;:&quot;classic&quot;,&quot;animation&quot;:&quot;zoomIn&quot;}\">\n\t\t\t\t<div class=\"elementor-element elementor-element-15f1040 elementor-widget elementor-widget-image\" data-id=\"15f1040\" data-element_type=\"widget\" data-e-type=\"widget\" data-widget_type=\"image.default\">\n\t\t\t\t<div class=\"elementor-widget-container\">\n\t\t\t\t\t\t\t\t\t\t\t\t\t\t\t<img decoding=\"async\" width=\"150\" height=\"150\" src=\"https:\/\/www.aemc.pt\/biblioteca\/wp-content\/uploads\/2024\/01\/Escola-a-Ler-150x150.png\" class=\"attachment-thumbnail size-thumbnail wp-image-2388\" alt=\"\" srcset=\"https:\/\/www.aemc.pt\/biblioteca\/wp-content\/uploads\/2024\/01\/Escola-a-Ler-150x150.png 150w, https:\/\/www.aemc.pt\/biblioteca\/wp-content\/uploads\/2024\/01\/Escola-a-Ler.png 300w\" sizes=\"(max-width: 150px) 100vw, 150px\" \/>\t\t\t\t\t\t\t\t\t\t\t<style id=\"core-15f1040-core-block-supports-inline-css\"><\/style>\t\t\t\t<\/div>\n\t\t\t\t<\/div>\n\t\t\t\t<div class=\"elementor-element elementor-element-ffdfdaa elementor-widget elementor-widget-heading\" data-id=\"ffdfdaa\" data-element_type=\"widget\" data-e-type=\"widget\" data-widget_type=\"heading.default\">\n\t\t\t\t<div class=\"elementor-widget-container\">\n\t\t\t\t\t<h5 class=\"elementor-heading-title elementor-size-default\">Escola a Ler<\/h5><style id=\"core-ffdfdaa-core-block-supports-inline-css\"><\/style>\t\t\t\t<\/div>\n\t\t\t\t<\/div>\n\t\t\t\t<\/div>\n\t\t<div class=\"elementor-element elementor-element-bf842d1 e-con-full e-flex elementor-invisible e-con e-child\" data-id=\"bf842d1\" data-element_type=\"container\" data-e-type=\"container\" data-settings=\"{&quot;background_background&quot;:&quot;classic&quot;,&quot;animation&quot;:&quot;zoomIn&quot;}\">\n\t\t\t\t<div class=\"elementor-element elementor-element-2ac39de elementor-widget elementor-widget-image\" data-id=\"2ac39de\" data-element_type=\"widget\" data-e-type=\"widget\" data-widget_type=\"image.default\">\n\t\t\t\t<div class=\"elementor-widget-container\">\n\t\t\t\t\t\t\t\t\t\t\t\t\t\t\t<img decoding=\"async\" width=\"150\" height=\"150\" src=\"https:\/\/www.aemc.pt\/biblioteca\/wp-content\/uploads\/2024\/01\/Miudos-a-votos-150x150.png\" class=\"attachment-thumbnail size-thumbnail wp-image-2352\" alt=\"\" \/>\t\t\t\t\t\t\t\t\t\t\t<style id=\"core-2ac39de-core-block-supports-inline-css\"><\/style>\t\t\t\t<\/div>\n\t\t\t\t<\/div>\n\t\t\t\t<div class=\"elementor-element elementor-element-e2a42ce elementor-widget elementor-widget-heading\" data-id=\"e2a42ce\" data-element_type=\"widget\" data-e-type=\"widget\" data-widget_type=\"heading.default\">\n\t\t\t\t<div class=\"elementor-widget-container\">\n\t\t\t\t\t<h5 class=\"elementor-heading-title elementor-size-default\">Mi\u00fados a Votos<\/h5><style id=\"core-e2a42ce-core-block-supports-inline-css\"><\/style>\t\t\t\t<\/div>\n\t\t\t\t<\/div>\n\t\t\t\t<\/div>\n\t\t<div class=\"elementor-element elementor-element-74e1bc7 e-con-full e-flex elementor-invisible e-con e-child\" data-id=\"74e1bc7\" data-element_type=\"container\" data-e-type=\"container\" data-settings=\"{&quot;background_background&quot;:&quot;classic&quot;,&quot;animation&quot;:&quot;zoomIn&quot;}\">\n\t\t\t\t<div class=\"elementor-element elementor-element-83d40bb elementor-widget elementor-widget-image\" data-id=\"83d40bb\" data-element_type=\"widget\" data-e-type=\"widget\" data-widget_type=\"image.default\">\n\t\t\t\t<div class=\"elementor-widget-container\">\n\t\t\t\t\t\t\t\t\t\t\t\t\t\t\t<img decoding=\"async\" width=\"150\" height=\"150\" src=\"https:\/\/www.aemc.pt\/biblioteca\/wp-content\/uploads\/2025\/01\/Camoes-150x150.jpeg\" class=\"attachment-thumbnail size-thumbnail wp-image-5472\" alt=\"Cam\u00f5es, Engenho e arte\" \/>\t\t\t\t\t\t\t\t\t\t\t<style id=\"core-83d40bb-core-block-supports-inline-css\"><\/style>\t\t\t\t<\/div>\n\t\t\t\t<\/div>\n\t\t\t\t<div class=\"elementor-element elementor-element-c899f87 elementor-widget elementor-widget-heading\" data-id=\"c899f87\" data-element_type=\"widget\" data-e-type=\"widget\" data-widget_type=\"heading.default\">\n\t\t\t\t<div class=\"elementor-widget-container\">\n\t\t\t\t\t<h5 class=\"elementor-heading-title elementor-size-default\">Cam\u00f5es, Engenho e Arte<\/h5><style id=\"core-c899f87-core-block-supports-inline-css\"><\/style>\t\t\t\t<\/div>\n\t\t\t\t<\/div>\n\t\t\t\t<\/div>\n\t\t\t\t\t<\/div>\n\t\t\t\t<\/div>\n\t\t<div class=\"elementor-element elementor-element-072f1fd e-flex e-con-boxed e-con e-parent\" data-id=\"072f1fd\" data-element_type=\"container\" data-e-type=\"container\">\n\t\t\t\t\t<div class=\"e-con-inner\">\n\t\t<div class=\"elementor-element elementor-element-a139617 e-con-full e-flex elementor-invisible e-con e-child\" data-id=\"a139617\" data-element_type=\"container\" data-e-type=\"container\" data-settings=\"{&quot;background_background&quot;:&quot;classic&quot;,&quot;animation&quot;:&quot;zoomIn&quot;}\">\n\t\t\t\t<div class=\"elementor-element elementor-element-2581a30 elementor-widget elementor-widget-image\" data-id=\"2581a30\" data-element_type=\"widget\" data-e-type=\"widget\" data-widget_type=\"image.default\">\n\t\t\t\t<div class=\"elementor-widget-container\">\n\t\t\t\t\t\t\t\t\t\t\t\t\t\t\t<img loading=\"lazy\" decoding=\"async\" width=\"150\" height=\"150\" src=\"https:\/\/www.aemc.pt\/biblioteca\/wp-content\/uploads\/2024\/01\/abril-150x150.png\" class=\"attachment-thumbnail size-thumbnail wp-image-2410\" alt=\"\" srcset=\"https:\/\/www.aemc.pt\/biblioteca\/wp-content\/uploads\/2024\/01\/abril-150x150.png 150w, https:\/\/www.aemc.pt\/biblioteca\/wp-content\/uploads\/2024\/01\/abril.png 301w\" sizes=\"(max-width: 150px) 100vw, 150px\" \/>\t\t\t\t\t\t\t\t\t\t\t<style id=\"core-2581a30-core-block-supports-inline-css\"><\/style>\t\t\t\t<\/div>\n\t\t\t\t<\/div>\n\t\t\t\t<div class=\"elementor-element elementor-element-7be831f elementor-widget elementor-widget-heading\" data-id=\"7be831f\" data-element_type=\"widget\" data-e-type=\"widget\" data-widget_type=\"heading.default\">\n\t\t\t\t<div class=\"elementor-widget-container\">\n\t\t\t\t\t<h5 class=\"elementor-heading-title elementor-size-default\">Abril depois de Abril - 50 anos do 25 de Abril<\/h5><style id=\"core-7be831f-core-block-supports-inline-css\"><\/style>\t\t\t\t<\/div>\n\t\t\t\t<\/div>\n\t\t\t\t<\/div>\n\t\t<div class=\"elementor-element elementor-element-acaf9d4 e-con-full e-flex elementor-invisible e-con e-child\" data-id=\"acaf9d4\" data-element_type=\"container\" data-e-type=\"container\" data-settings=\"{&quot;background_background&quot;:&quot;classic&quot;,&quot;animation&quot;:&quot;zoomIn&quot;}\">\n\t\t\t\t<div class=\"elementor-element elementor-element-e0289e7 elementor-widget elementor-widget-image\" data-id=\"e0289e7\" data-element_type=\"widget\" data-e-type=\"widget\" data-widget_type=\"image.default\">\n\t\t\t\t<div class=\"elementor-widget-container\">\n\t\t\t\t\t\t\t\t\t\t\t\t\t\t\t<img loading=\"lazy\" decoding=\"async\" width=\"150\" height=\"150\" src=\"https:\/\/www.aemc.pt\/biblioteca\/wp-content\/uploads\/2024\/01\/MIBE-150x150.jpg\" class=\"attachment-thumbnail size-thumbnail wp-image-2411\" alt=\"\" srcset=\"https:\/\/www.aemc.pt\/biblioteca\/wp-content\/uploads\/2024\/01\/MIBE-150x150.jpg 150w, https:\/\/www.aemc.pt\/biblioteca\/wp-content\/uploads\/2024\/01\/MIBE.jpg 300w\" sizes=\"(max-width: 150px) 100vw, 150px\" \/>\t\t\t\t\t\t\t\t\t\t\t<style id=\"core-e0289e7-core-block-supports-inline-css\"><\/style>\t\t\t\t<\/div>\n\t\t\t\t<\/div>\n\t\t\t\t<div class=\"elementor-element elementor-element-8285219 elementor-widget elementor-widget-heading\" data-id=\"8285219\" data-element_type=\"widget\" data-e-type=\"widget\" data-widget_type=\"heading.default\">\n\t\t\t\t<div class=\"elementor-widget-container\">\n\t\t\t\t\t<h5 class=\"elementor-heading-title elementor-size-default\">M\u00eas Internacional da Biblioteca \nEscolar<\/h5><style id=\"core-8285219-core-block-supports-inline-css\"><\/style>\t\t\t\t<\/div>\n\t\t\t\t<\/div>\n\t\t\t\t<\/div>\n\t\t<div class=\"elementor-element elementor-element-7ca8448 e-con-full e-flex elementor-invisible e-con e-child\" data-id=\"7ca8448\" data-element_type=\"container\" data-e-type=\"container\" data-settings=\"{&quot;background_background&quot;:&quot;classic&quot;,&quot;animation&quot;:&quot;zoomIn&quot;}\">\n\t\t\t\t<div class=\"elementor-element elementor-element-f9e7027 elementor-widget elementor-widget-image\" data-id=\"f9e7027\" data-element_type=\"widget\" data-e-type=\"widget\" data-widget_type=\"image.default\">\n\t\t\t\t<div class=\"elementor-widget-container\">\n\t\t\t\t\t\t\t\t\t\t\t\t\t\t\t<img loading=\"lazy\" decoding=\"async\" width=\"150\" height=\"150\" src=\"https:\/\/www.aemc.pt\/biblioteca\/wp-content\/uploads\/2024\/01\/Captura-de-ecra-2023-06-19-120911-150x150.png\" class=\"attachment-thumbnail size-thumbnail wp-image-2412\" alt=\"\" srcset=\"https:\/\/www.aemc.pt\/biblioteca\/wp-content\/uploads\/2024\/01\/Captura-de-ecra-2023-06-19-120911-150x150.png 150w, https:\/\/www.aemc.pt\/biblioteca\/wp-content\/uploads\/2024\/01\/Captura-de-ecra-2023-06-19-120911.png 300w\" sizes=\"(max-width: 150px) 100vw, 150px\" \/>\t\t\t\t\t\t\t\t\t\t\t<style id=\"core-f9e7027-core-block-supports-inline-css\"><\/style>\t\t\t\t<\/div>\n\t\t\t\t<\/div>\n\t\t\t\t<div class=\"elementor-element elementor-element-1681a32 elementor-widget elementor-widget-heading\" data-id=\"1681a32\" data-element_type=\"widget\" data-e-type=\"widget\" data-widget_type=\"heading.default\">\n\t\t\t\t<div class=\"elementor-widget-container\">\n\t\t\t\t\t<h5 class=\"elementor-heading-title elementor-size-default\">Latitudes da L\u00edngua \nPortuguesa<\/h5><style id=\"core-1681a32-core-block-supports-inline-css\"><\/style>\t\t\t\t<\/div>\n\t\t\t\t<\/div>\n\t\t\t\t<\/div>\n\t\t\t\t\t<\/div>\n\t\t\t\t<\/div>\n\t\t\t\t<\/div>\n\t\t","protected":false},"excerpt":{"rendered":"<p>Projetos e iniciativas em que a biblioteca participa no presente ano letivo. Escola a Ler Mi\u00fados a Votos Cam\u00f5es, Engenho e Arte Abril depois de Abril &#8211; 50 anos do 25 de Abril M\u00eas Internacional da Biblioteca Escolar Latitudes da L\u00edngua Portuguesa<\/p>\n","protected":false},"author":5,"featured_media":0,"parent":0,"menu_order":0,"comment_status":"closed","ping_status":"closed","template":"","meta":{"_themeisle_gutenberg_block_has_review":false,"footnotes":""},"class_list":["post-1483","page","type-page","status-publish","hentry"],"blocksy_meta":[],"_links":{"self":[{"href":"https:\/\/www.aemc.pt\/biblioteca\/wp-json\/wp\/v2\/pages\/1483","targetHints":{"allow":["GET"]}}],"collection":[{"href":"https:\/\/www.aemc.pt\/biblioteca\/wp-json\/wp\/v2\/pages"}],"about":[{"href":"https:\/\/www.aemc.pt\/biblioteca\/wp-json\/wp\/v2\/types\/page"}],"author":[{"embeddable":true,"href":"https:\/\/www.aemc.pt\/biblioteca\/wp-json\/wp\/v2\/users\/5"}],"replies":[{"embeddable":true,"href":"https:\/\/www.aemc.pt\/biblioteca\/wp-json\/wp\/v2\/comments?post=1483"}],"version-history":[{"count":193,"href":"https:\/\/www.aemc.pt\/biblioteca\/wp-json\/wp\/v2\/pages\/1483\/revisions"}],"predecessor-version":[{"id":5475,"href":"https:\/\/www.aemc.pt\/biblioteca\/wp-json\/wp\/v2\/pages\/1483\/revisions\/5475"}],"wp:attachment":[{"href":"https:\/\/www.aemc.pt\/biblioteca\/wp-json\/wp\/v2\/media?parent=1483"}],"curies":[{"name":"wp","href":"https:\/\/api.w.org\/{rel}","templated":true}]}}