{"id":6891,"date":"2024-05-15T17:03:07","date_gmt":"2024-05-15T16:03:07","guid":{"rendered":"https:\/\/www.aemc.pt\/portal\/?page_id=6891"},"modified":"2025-10-05T17:32:48","modified_gmt":"2025-10-05T16:32:48","slug":"plano-de-formacao","status":"publish","type":"page","link":"https:\/\/www.aemc.pt\/portal\/index.php\/plano-de-formacao\/","title":{"rendered":"Plano de forma\u00e7\u00e3o"},"content":{"rendered":"\n<blockquote class=\"wp-block-quote is-layout-flow wp-block-quote-is-layout-flow\">\n<p>Plano de forma\u00e7\u00e3o do Centro de Forma\u00e7\u00e3o da Associa\u00e7\u00e3o de Escolas &#8211; Bragan\u00e7a Norte<\/p>\n<\/blockquote>\n\n\n\n<p>O presente documento configura o instrumento de planifica\u00e7\u00e3o das a\u00e7\u00f5es de forma\u00e7\u00e3o a desenvolver pelo CFAE Bragan\u00e7a Norte em 2023\/2024 que deflui da constru\u00e7\u00e3o dos Planos de Forma\u00e7\u00e3o de cada Agrupamento de Escolas associado, de acordo com o estabelecido no Regime Jur\u00eddico da Forma\u00e7\u00e3o Cont\u00ednua de Professores, aprovado pelo Decreto-Lei n.\u00ba 22\/2014, de 11 de fevereiro e com o Art.\u00ba 23.\u00ba do Decreto-Lei 127\/2015, de 7 de julho.<\/p>\n\n\n\n<br>\n\n\n\n<p><i class=\"far fa-file-pdf\"><\/i><a href=\"http:\/\/www.aemc.pt\/portal\/wp-content\/uploads\/2025\/10\/PF-cfaebn_24_26.pdf\" target=\"_blank\" rel=\"noopener no referrer\"> Plano de forma\u00e7\u00e3o 2024\/2026<\/a> <\/p><br>\n\n\n\n<p><i class=\"far fa-file-pdf\"><\/i><a href=\"http:\/\/www.aemc.pt\/portal\/wp-content\/uploads\/2025\/10\/p01_plano_de_formacao_2025_2026.pdf\" target=\"_blank\" rel=\"noopener no referrer\"> Forma\u00e7\u00e3o para 2025\/2026<\/a> <\/p><br>\n\n\n\n<br>\n\n\n\n<hr class=\"wp-block-separator has-alpha-channel-opacity\"\/>\n\n\n\n<p><i class=\"far fa-file-pdf\"><\/i><a href=\"http:\/\/www.aemc.pt\/portal\/wp-content\/uploads\/2024\/05\/plano_de_formacao_cfaebn_23_24.pdf\" target=\"_blank\" rel=\"noopener no referrer\"> Plano de forma\u00e7\u00e3o 2023\/2024<\/a> <\/p><br>\n\n\n\n<br><br><br><br><br><br>\n","protected":false},"excerpt":{"rendered":"<p>Plano de forma\u00e7\u00e3o do Centro de Forma\u00e7\u00e3o da Associa\u00e7\u00e3o de Escolas &#8211; Bragan\u00e7a Norte O presente documento configura o instrumento<\/p>\n","protected":false},"author":1,"featured_media":0,"parent":0,"menu_order":0,"comment_status":"closed","ping_status":"closed","template":"","meta":{"colormag_page_container_layout":"no_sidebar_full_width","colormag_page_sidebar_layout":"no_sidebar","ngg_post_thumbnail":0,"iawp_total_views":36,"footnotes":"","_links_to":"","_links_to_target":""},"class_list":["post-6891","page","type-page","status-publish","hentry"],"_links":{"self":[{"href":"https:\/\/www.aemc.pt\/portal\/index.php\/wp-json\/wp\/v2\/pages\/6891","targetHints":{"allow":["GET"]}}],"collection":[{"href":"https:\/\/www.aemc.pt\/portal\/index.php\/wp-json\/wp\/v2\/pages"}],"about":[{"href":"https:\/\/www.aemc.pt\/portal\/index.php\/wp-json\/wp\/v2\/types\/page"}],"author":[{"embeddable":true,"href":"https:\/\/www.aemc.pt\/portal\/index.php\/wp-json\/wp\/v2\/users\/1"}],"replies":[{"embeddable":true,"href":"https:\/\/www.aemc.pt\/portal\/index.php\/wp-json\/wp\/v2\/comments?post=6891"}],"version-history":[{"count":5,"href":"https:\/\/www.aemc.pt\/portal\/index.php\/wp-json\/wp\/v2\/pages\/6891\/revisions"}],"predecessor-version":[{"id":8381,"href":"https:\/\/www.aemc.pt\/portal\/index.php\/wp-json\/wp\/v2\/pages\/6891\/revisions\/8381"}],"wp:attachment":[{"href":"https:\/\/www.aemc.pt\/portal\/index.php\/wp-json\/wp\/v2\/media?parent=6891"}],"curies":[{"name":"wp","href":"https:\/\/api.w.org\/{rel}","templated":true}]}}

Plano de formação

<blockquote class="wp-block-quote is-layout-flow wp-block-quote-is-layout-flow">
<p>Plano de formação do Centro de Formação da Associação de Escolas &#8211; Bragança Norte</p>
</blockquote>



<p>O presente documento configura o instrumento de planificação das ações de formação a desenvolver pelo CFAE Bragança Norte em 2023/2024 que deflui da construção dos Planos de Formação de cada Agrupamento de Escolas associado, de acordo com o estabelecido no Regime Jurídico da Formação Contínua de Professores, aprovado pelo Decreto-Lei n.º 22/2014, de 11 de fevereiro e com o Art.º 23.º do Decreto-Lei 127/2015, de 7 de julho.</p>



<br>



<p><i class="far fa-file-pdf"></i><a href="http://www.aemc.pt/portal/wp-content/uploads/2025/10/PF-cfaebn_24_26.pdf" target="_blank" rel="noopener no referrer"> Plano de formação 2024/2026</a> </p><br>



<p><i class="far fa-file-pdf"></i><a href="http://www.aemc.pt/portal/wp-content/uploads/2025/10/p01_plano_de_formacao_2025_2026.pdf" target="_blank" rel="noopener no referrer"> Formação para 2025/2026</a> </p><br>



<br>



<hr class="wp-block-separator has-alpha-channel-opacity"/>



<p><i class="far fa-file-pdf"></i><a href="http://www.aemc.pt/portal/wp-content/uploads/2024/05/plano_de_formacao_cfaebn_23_24.pdf" target="_blank" rel="noopener no referrer"> Plano de formação 2023/2024</a> </p><br>



<br><br><br><br><br><br>

<p>Plano de formação do Centro de Formação da Associação de Escolas &#8211; Bragança Norte O presente documento configura o instrumento</p>
