{"id":7594,"date":"2024-12-18T21:33:11","date_gmt":"2024-12-18T20:33:11","guid":{"rendered":"https:\/\/www.aemc.pt\/portal\/?page_id=7594"},"modified":"2025-02-14T13:00:46","modified_gmt":"2025-02-14T12:00:46","slug":"canal-de-denuncias","status":"publish","type":"page","link":"https:\/\/www.aemc.pt\/portal\/index.php\/canal-de-denuncias\/","title":{"rendered":"Canal de den\u00fancias"},"content":{"rendered":"\n<blockquote class=\"wp-block-quote is-layout-flow wp-block-quote-is-layout-flow\">\n<p>Canal de den\u00fancias do Agrupamento de Escolas de Macedo de Cavaleiros.<\/p>\n<\/blockquote>\n\n\n\n<p>O regime geral de prote\u00e7\u00e3o de denunciantes de infra\u00e7\u00f5es disposto na&nbsp;<a href=\"https:\/\/diariodarepublica.pt\/dr\/detalhe\/lei\/93-2021-176147929\">Lei n.\u00ba 93\/2021<\/a>, de 20 de dezembro, protege a pessoa singular que denuncie ou divulgue publicamente uma infra\u00e7\u00e3o cometida.<\/p>\n\n\n\n<p>Assegura-se a confidencialidade do processo de den\u00fancia. A identidade do denunciante s\u00f3 ser\u00e1 divulgada em decorr\u00eancia de obriga\u00e7\u00e3o legal ou de decis\u00e3o judicial. O Canal de Den\u00fancia assume um car\u00e1cter, essencialmente, preventivo, sendo um instrumento de autorregula\u00e7\u00e3o e autocontrolo que permitir\u00e1 ao Agrupamento de Escolas de Macedo de Cavaleiros, perante factos conhecidos e relatados de boa-f\u00e9, atuar e corrigir eventuais atua\u00e7\u00f5es il\u00edcitas e prevenir a sua ocorr\u00eancia futura, garantindo o cumprimento da lei, regulamentos e procedimentos em vigor, tratando-se de uma atua\u00e7\u00e3o exclusivamente orientada para a prossecu\u00e7\u00e3o do interesse p\u00fablico.<\/p>\n\n\n\n<p>O Agrupamento de Escolas de Macedo de Cavaleiros disponibiliza o presente canal de den\u00fancias destinado a qualquer pessoa, alunos, encarregados de educa\u00e7\u00e3o, docentes, n\u00e3o docentes, membros da comunidade escolar, para que possa transmitir, de forma direta e confidencial, qualquer pr\u00e1tica menos l\u00edcita ou alegada irregularidade, denunciando situa\u00e7\u00f5es como abuso de poder, ass\u00e9dio, fraude, entre outros.<\/p>\n\n\n\n<BR>\n\n\n\n<div class=\"wp-block-columns is-layout-flex wp-container-core-columns-is-layout-28f84493 wp-block-columns-is-layout-flex\">\n<div class=\"wp-block-column is-layout-flow wp-block-column-is-layout-flow\" style=\"flex-basis:66.66%\">\n<p>Aceda ao Canal de Den\u00fancias do Agrupamento de Escolas de Macedo de Cavaleiros em: <\/p>\n<\/div>\n<\/div>\n\n\n\n<div class=\"wp-block-columns is-layout-flex wp-container-core-columns-is-layout-28f84493 wp-block-columns-is-layout-flex\">\n<div class=\"wp-block-column is-layout-flow wp-block-column-is-layout-flow\" style=\"flex-basis:33.33%\">\n<div class=\"wp-block-buttons is-layout-flex wp-block-buttons-is-layout-flex\">\n<div class=\"wp-block-button\"><a class=\"wp-block-button__link wp-element-button\" href=\"https:\/\/www.aemc.pt\/portal\/index.php\/registo-de-denuncia\/\">REGISTAR DEN\u00daNCIA<\/a><\/div>\n<\/div>\n<\/div>\n<\/div>\n\n\n\n<BR>\n\n\n\n<p>Eventuais reclama\u00e7\u00f5es relativas \u00e0 qualidade dos servi\u00e7os prestados devem ser comunicadas atrav\u00e9s do atual meio de contacto dispon\u00edvel (<a href=\"mailto:geral@aemc.pt\">geral@aemc.pt<\/a>).<\/p>\n","protected":false},"excerpt":{"rendered":"<p>Canal de den\u00fancias do Agrupamento de Escolas de Macedo de Cavaleiros. O regime geral de prote\u00e7\u00e3o de denunciantes de infra\u00e7\u00f5es<\/p>\n","protected":false},"author":1,"featured_media":0,"parent":0,"menu_order":0,"comment_status":"open","ping_status":"open","template":"page-templates\/contact.php","meta":{"colormag_page_container_layout":"no_sidebar_full_width","colormag_page_sidebar_layout":"right_sidebar","ngg_post_thumbnail":0,"iawp_total_views":181,"footnotes":"","_links_to":"","_links_to_target":""},"class_list":["post-7594","page","type-page","status-publish","hentry"],"_links":{"self":[{"href":"https:\/\/www.aemc.pt\/portal\/index.php\/wp-json\/wp\/v2\/pages\/7594","targetHints":{"allow":["GET"]}}],"collection":[{"href":"https:\/\/www.aemc.pt\/portal\/index.php\/wp-json\/wp\/v2\/pages"}],"about":[{"href":"https:\/\/www.aemc.pt\/portal\/index.php\/wp-json\/wp\/v2\/types\/page"}],"author":[{"embeddable":true,"href":"https:\/\/www.aemc.pt\/portal\/index.php\/wp-json\/wp\/v2\/users\/1"}],"replies":[{"embeddable":true,"href":"https:\/\/www.aemc.pt\/portal\/index.php\/wp-json\/wp\/v2\/comments?post=7594"}],"version-history":[{"count":14,"href":"https:\/\/www.aemc.pt\/portal\/index.php\/wp-json\/wp\/v2\/pages\/7594\/revisions"}],"predecessor-version":[{"id":7769,"href":"https:\/\/www.aemc.pt\/portal\/index.php\/wp-json\/wp\/v2\/pages\/7594\/revisions\/7769"}],"wp:attachment":[{"href":"https:\/\/www.aemc.pt\/portal\/index.php\/wp-json\/wp\/v2\/media?parent=7594"}],"curies":[{"name":"wp","href":"https:\/\/api.w.org\/{rel}","templated":true}]}}

Canal de denúncias

<blockquote class="wp-block-quote is-layout-flow wp-block-quote-is-layout-flow">
<p>Canal de denúncias do Agrupamento de Escolas de Macedo de Cavaleiros.</p>
</blockquote>



<p>O regime geral de proteção de denunciantes de infrações disposto na&nbsp;<a href="https://diariodarepublica.pt/dr/detalhe/lei/93-2021-176147929">Lei n.º 93/2021</a>, de 20 de dezembro, protege a pessoa singular que denuncie ou divulgue publicamente uma infração cometida.</p>



<p>Assegura-se a confidencialidade do processo de denúncia. A identidade do denunciante só será divulgada em decorrência de obrigação legal ou de decisão judicial. O Canal de Denúncia assume um carácter, essencialmente, preventivo, sendo um instrumento de autorregulação e autocontrolo que permitirá ao Agrupamento de Escolas de Macedo de Cavaleiros, perante factos conhecidos e relatados de boa-fé, atuar e corrigir eventuais atuações ilícitas e prevenir a sua ocorrência futura, garantindo o cumprimento da lei, regulamentos e procedimentos em vigor, tratando-se de uma atuação exclusivamente orientada para a prossecução do interesse público.</p>



<p>O Agrupamento de Escolas de Macedo de Cavaleiros disponibiliza o presente canal de denúncias destinado a qualquer pessoa, alunos, encarregados de educação, docentes, não docentes, membros da comunidade escolar, para que possa transmitir, de forma direta e confidencial, qualquer prática menos lícita ou alegada irregularidade, denunciando situações como abuso de poder, assédio, fraude, entre outros.</p>



<BR>



<div class="wp-block-columns is-layout-flex wp-container-core-columns-is-layout-28f84493 wp-block-columns-is-layout-flex">
<div class="wp-block-column is-layout-flow wp-block-column-is-layout-flow" style="flex-basis:66.66%">
<p>Aceda ao Canal de Denúncias do Agrupamento de Escolas de Macedo de Cavaleiros em: </p>
</div>
</div>



<div class="wp-block-columns is-layout-flex wp-container-core-columns-is-layout-28f84493 wp-block-columns-is-layout-flex">
<div class="wp-block-column is-layout-flow wp-block-column-is-layout-flow" style="flex-basis:33.33%">
<div class="wp-block-buttons is-layout-flex wp-block-buttons-is-layout-flex">
<div class="wp-block-button"><a class="wp-block-button__link wp-element-button" href="https://www.aemc.pt/portal/index.php/registo-de-denuncia/">REGISTAR DENÚNCIA</a></div>
</div>
</div>
</div>



<BR>



<p>Eventuais reclamações relativas à qualidade dos serviços prestados devem ser comunicadas através do atual meio de contacto disponível (<a href="mailto:geral@aemc.pt">geral@aemc.pt</a>).</p>

<p>Canal de denúncias do Agrupamento de Escolas de Macedo de Cavaleiros. O regime geral de proteção de denunciantes de infrações</p>
