{"id":7816,"date":"2025-03-07T14:26:02","date_gmt":"2025-03-07T13:26:02","guid":{"rendered":"https:\/\/www.aemc.pt\/portal\/?page_id=7816"},"modified":"2025-05-30T19:04:00","modified_gmt":"2025-05-30T18:04:00","slug":"exames-e-provas-finais-2025","status":"publish","type":"page","link":"https:\/\/www.aemc.pt\/portal\/index.php\/exames-e-provas-finais-2025\/","title":{"rendered":"Exames e Provas Finais &#8211; 2025"},"content":{"rendered":"<blockquote>\n<p><strong>EXAMES FINAIS NACIONAIS E PROVAS DE EQUIVAL\u00caNCIA \u00c0 FREQU\u00caNCIA DO ENSINO SECUND\u00c1RIO.<\/strong><\/p>\n<\/blockquote>\n<p>As provas finais do ensino b\u00e1sico e os exames finais nacionais do ensino secund\u00e1rio realizam-se, regra geral, nos estabelecimentos de ensino p\u00fablico \u2013 agrupamentos de escolas ou escolas n\u00e3o agrupadas \u2013 e nos estabelecimentos de ensino particular e cooperativo.<\/p>\n<p style=\"text-align: right;\">&nbsp;<\/p>\n<p><span style=\"color: #800080;\"><strong>LIGA\u00c7\u00d5ES \u00daTEIS:<\/strong><\/span><\/p>\n\n\n<p style=\"text-align:right\"><a href=\"http:\/\/www.aemc.pt\/portal\/index.php\/exames-e-provas-finais-2024\/\" target=\"_SELF\" rel=\"noopener no referrer noreferrer\">EXAMES e PROVAS FINAIS &#8211; 2024 <\/a><i class=\"fa-solid fa-display\"><\/i><\/p>\n\n\n\n<p><i class=\"far fa-file-pdf\"><\/i><a href=\"http:\/\/www.aemc.pt\/portal\/wp-content\/uploads\/2025\/03\/2025_Despacho-Normativo_2-A_2025_3_marco_regulamento-de-exames.pdf\" target=\"_blank\" rel=\"noopener no referrer noreferrer\"> Despacho Normativo n.\u00ba 2-A\/2025<\/a><\/p>\n\n\n\n<p><i class=\"far fa-file-pdf\"><\/i><a href=\"http:\/\/www.aemc.pt\/portal\/wp-content\/uploads\/2025\/03\/GuiaGeralExames2025.pdf\" target=\"_blank\" rel=\"noopener no referrer\"> Guia Geral de Exames 2025<\/a><\/p>\n\n\n\n<p><i class=\"far fa-file-pdf\"><\/i><a href=\"http:\/\/www.aemc.pt\/portal\/wp-content\/uploads\/2025\/03\/NORMA-01_2025_3MAR.pdf\" target=\"_blank\" rel=\"noopener no referrer noreferrer\"> Instru\u00e7\u00f5es para Inscri\u00e7\u00e3o em Provas e Exames (Norma 01) \u2013 JNE 2025<\/a><\/p>\n\n\n\n<p><i class=\"fa-solid fa-laptop-file\"><\/i><a href=\"https:\/\/jnepiepe.dge.mec.pt\/site\/login\" target=\"_blank\" rel=\"noopener no referrer noreferrer\">  PLATAFORMA DE INSCRI\u00c7\u00c3O ELETR\u00d3NICA EM PROVAS E EXAMES &#8211; PIEPE<\/a><\/p>\n\n\n\n<p><i class=\"far fa-file-pdf\"><\/i><a href=\"http:\/\/www.aemc.pt\/portal\/wp-content\/uploads\/2025\/03\/Guia-das-Adaptacoes-2025_-3MAR.pdf\" target=\"_blank\" rel=\"noopener no referrer noreferrer\"> Guia para Aplica\u00e7\u00e3o de Adapta\u00e7\u00f5es na Realiza\u00e7\u00e3o de Provas e Exames \u2013 JNE 2025<\/a><\/p>\n\n\n\n<p><i class=\"far fa-file-pdf\"><\/i><a href=\"http:\/\/www.aemc.pt\/portal\/wp-content\/uploads\/2025\/04\/Guia-Provas-ModA-2025_15-abril.pdf\" target=\"_blank\" rel=\"noopener no referrer noreferrer\"> Guia para a Realiza\u00e7\u00e3o das Provas ModA 2025<\/a><\/p>\n\n\n\n<p><i class=\"far fa-file-pdf\"><\/i><a href=\"http:\/\/www.aemc.pt\/portal\/wp-content\/uploads\/2025\/05\/Norma-2-2025.pdf\" target=\"_blank\" rel=\"noopener no referrer noreferrer\"> NORMA 02\/JNE\/2025 \u2013 Instru\u00e7\u00f5es para Realiza\u00e7\u00e3o | Classifica\u00e7\u00e3o | Reaprecia\u00e7\u00e3o | Reclama\u00e7\u00e3o <\/a><\/p>\n\n\n\n<BR><BR><BR>\n","protected":false},"excerpt":{"rendered":"<p>EXAMES FINAIS NACIONAIS E PROVAS DE EQUIVAL\u00caNCIA \u00c0 FREQU\u00caNCIA DO ENSINO SECUND\u00c1RIO. As provas finais do ensino b\u00e1sico e os<\/p>\n","protected":false},"author":1,"featured_media":7825,"parent":0,"menu_order":0,"comment_status":"closed","ping_status":"closed","template":"","meta":{"colormag_page_container_layout":"no_sidebar_full_width","colormag_page_sidebar_layout":"left_sidebar","ngg_post_thumbnail":0,"iawp_total_views":73,"footnotes":"","_links_to":"","_links_to_target":""},"class_list":["post-7816","page","type-page","status-publish","has-post-thumbnail","hentry"],"_links":{"self":[{"href":"https:\/\/www.aemc.pt\/portal\/index.php\/wp-json\/wp\/v2\/pages\/7816","targetHints":{"allow":["GET"]}}],"collection":[{"href":"https:\/\/www.aemc.pt\/portal\/index.php\/wp-json\/wp\/v2\/pages"}],"about":[{"href":"https:\/\/www.aemc.pt\/portal\/index.php\/wp-json\/wp\/v2\/types\/page"}],"author":[{"embeddable":true,"href":"https:\/\/www.aemc.pt\/portal\/index.php\/wp-json\/wp\/v2\/users\/1"}],"replies":[{"embeddable":true,"href":"https:\/\/www.aemc.pt\/portal\/index.php\/wp-json\/wp\/v2\/comments?post=7816"}],"version-history":[{"count":19,"href":"https:\/\/www.aemc.pt\/portal\/index.php\/wp-json\/wp\/v2\/pages\/7816\/revisions"}],"predecessor-version":[{"id":8167,"href":"https:\/\/www.aemc.pt\/portal\/index.php\/wp-json\/wp\/v2\/pages\/7816\/revisions\/8167"}],"wp:featuredmedia":[{"embeddable":true,"href":"https:\/\/www.aemc.pt\/portal\/index.php\/wp-json\/wp\/v2\/media\/7825"}],"wp:attachment":[{"href":"https:\/\/www.aemc.pt\/portal\/index.php\/wp-json\/wp\/v2\/media?parent=7816"}],"curies":[{"name":"wp","href":"https:\/\/api.w.org\/{rel}","templated":true}]}}