{"id":8148,"date":"2025-05-29T14:15:45","date_gmt":"2025-05-29T13:15:45","guid":{"rendered":"https:\/\/www.aemc.pt\/portal\/?page_id=8148"},"modified":"2025-05-29T14:43:54","modified_gmt":"2025-05-29T13:43:54","slug":"projetos-candidaturas","status":"publish","type":"page","link":"https:\/\/www.aemc.pt\/portal\/index.php\/projetos-candidaturas\/","title":{"rendered":"Projetos &amp; Candidaturas"},"content":{"rendered":"\n<blockquote class=\"wp-block-quote is-layout-flow wp-block-quote-is-layout-flow\">\n<p>Projetos e Candidaturas.<\/p>\n<\/blockquote>\n\n\n\n<br>\n\n\n\n<p class=\"has-medium-font-size\"><strong>Recupera\u00e7\u00e3o das Aprendizagens, Promo\u00e7\u00e3o do Sucesso Escolar e Combate \u00e0s Desigualdades<\/strong><\/p>\n\n\n\n<p><i class=\"far fa-file-pdf\"><\/i><a href=\"http:\/\/www.aemc.pt\/portal\/wp-content\/uploads\/2025\/05\/Anexo-6_-Cartaz_Divulgacao.pdf\" target=\"_blank\" rel=\"noopener noreferrer\"> CARTAZ DE DIVULGA\u00c7\u00c3O <\/a><\/p>\n\n\n\n<p><i class=\"far fa-file-pdf\"><\/i><a href=\"http:\/\/www.aemc.pt\/portal\/wp-content\/uploads\/2025\/05\/Anexo-5_Ficha_Operacao.pdf\" target=\"_blank\" rel=\"noopener noreferrer\"> FICHA DE OPERA\u00c7\u00c3O <\/a><\/p>\n\n\n\n<p><i class=\"far fa-file-pdf\"><\/i><a href=\"http:\/\/www.aemc.pt\/portal\/wp-content\/uploads\/2025\/05\/Anexo_7_PESSOAS2030_FichaOperacao_A4_candidatura-individual.pdf\" target=\"_blank\" rel=\"noopener noreferrer\"> FICHA DE OPERA\u00c7\u00c3O &#8211; Candidatura Individual<\/a><\/p>\n\n\n\n<br><br><br><br><br><br>\n","protected":false},"excerpt":{"rendered":"<p>Projetos e Candidaturas. Recupera\u00e7\u00e3o das Aprendizagens, Promo\u00e7\u00e3o do Sucesso Escolar e Combate \u00e0s Desigualdades CARTAZ DE DIVULGA\u00c7\u00c3O FICHA DE OPERA\u00c7\u00c3O<\/p>\n","protected":false},"author":1,"featured_media":8156,"parent":0,"menu_order":0,"comment_status":"closed","ping_status":"closed","template":"","meta":{"colormag_page_container_layout":"no_sidebar_full_width","colormag_page_sidebar_layout":"no_sidebar","ngg_post_thumbnail":0,"iawp_total_views":169,"footnotes":"","_links_to":"","_links_to_target":""},"class_list":["post-8148","page","type-page","status-publish","has-post-thumbnail","hentry"],"_links":{"self":[{"href":"https:\/\/www.aemc.pt\/portal\/index.php\/wp-json\/wp\/v2\/pages\/8148","targetHints":{"allow":["GET"]}}],"collection":[{"href":"https:\/\/www.aemc.pt\/portal\/index.php\/wp-json\/wp\/v2\/pages"}],"about":[{"href":"https:\/\/www.aemc.pt\/portal\/index.php\/wp-json\/wp\/v2\/types\/page"}],"author":[{"embeddable":true,"href":"https:\/\/www.aemc.pt\/portal\/index.php\/wp-json\/wp\/v2\/users\/1"}],"replies":[{"embeddable":true,"href":"https:\/\/www.aemc.pt\/portal\/index.php\/wp-json\/wp\/v2\/comments?post=8148"}],"version-history":[{"count":3,"href":"https:\/\/www.aemc.pt\/portal\/index.php\/wp-json\/wp\/v2\/pages\/8148\/revisions"}],"predecessor-version":[{"id":8155,"href":"https:\/\/www.aemc.pt\/portal\/index.php\/wp-json\/wp\/v2\/pages\/8148\/revisions\/8155"}],"wp:featuredmedia":[{"embeddable":true,"href":"https:\/\/www.aemc.pt\/portal\/index.php\/wp-json\/wp\/v2\/media\/8156"}],"wp:attachment":[{"href":"https:\/\/www.aemc.pt\/portal\/index.php\/wp-json\/wp\/v2\/media?parent=8148"}],"curies":[{"name":"wp","href":"https:\/\/api.w.org\/{rel}","templated":true}]}}